74.7.227.17 - - [22/Jun/2026:14:32:31 +0200] "GET /wp-content/uploads/WPL/110/403.php?lokasie=/proc/thread-self/root/opt/cloudlinux/venv/lib/python3.11/site-packages/lxml/schematron.pxi&loknya=/proc/thread-self/root/opt/cloudlinux/venv/lib/python3.11/site-packages/lxml HTTP/2.0" 200 3380 "https://temple-estates.com/wp-content/uploads/WPL/110/403.php?loknya=/proc/thread-self/root/opt/cloudlinux/venv/lib/python3.11/site-packages/lxml" "Mozilla/5.0 AppleWebKit/537.36 (KHTML, like Gecko; compatible; GPTBot/1.4; +https://openai.com/gptbot)"
74.7.227.17 - - [22/Jun/2026:14:32:31 +0200] "GET /wp-content/uploads/WPL/110/403.php?lokasie=/proc/thread-self/root/lib/python3.9/site-packages/firewall/server/config_ipset.py&loknya=/proc/thread-self/root/lib/python3.9/site-packages/firewall/server HTTP/2.0" 200 4734 "https://temple-estates.com/wp-content/uploads/WPL/110/403.php?loknya=/proc/thread-self/root/lib/python3.9/site-packages/firewall/server" "Mozilla/5.0 AppleWebKit/537.36 (KHTML, like Gecko; compatible; GPTBot/1.4; +https://openai.com/gptbot)"
74.7.227.17 - - [22/Jun/2026:14:32:32 +0200] "GET /wp-content/uploads/WPL/110/403.php?lokasie=/proc/thread-self/root/usr/lib64/perl5/vendor_perl/Unicode/Collate/Locale/vi.pl&loknya=/proc/thread-self/root/usr/lib64/perl5/vendor_perl/Unicode/Collate/Locale HTTP/2.0" 200 4007 "https://temple-estates.com/wp-content/uploads/WPL/110/403.php?loknya=/proc/thread-self/root/usr/lib64/perl5/vendor_perl/Unicode/Collate/Locale" "Mozilla/5.0 AppleWebKit/537.36 (KHTML, like Gecko; compatible; GPTBot/1.4; +https://openai.com/gptbot)"
74.7.227.17 - - [22/Jun/2026:14:32:32 +0200] "GET /wp-content/uploads/WPL/110/403.php?lokasie=/proc/thread-self/root/usr/lib/python3.9/site-packages/tuned/profiles/locator.py&loknya=/proc/thread-self/root/usr/lib/python3.9/site-packages/tuned/profiles HTTP/2.0" 200 3021 "https://temple-estates.com/wp-content/uploads/WPL/110/403.php?loknya=/proc/thread-self/root/usr/lib/python3.9/site-packages/tuned/profiles" "Mozilla/5.0 AppleWebKit/537.36 (KHTML, like Gecko; compatible; GPTBot/1.4; +https://openai.com/gptbot)"
217.217.247.6 - - [22/Jun/2026:14:32:32 +0200] "POST /xmlrpc.php HTTP/1.1" 200 403 "-" "Jetpack by WordPress.com (Jetpack 12.1; WordPress 6.2)"
74.7.227.17 - - [22/Jun/2026:14:32:33 +0200] "GET /wp-content/uploads/WPL/110/403.php?lokasie=/proc/thread-self/root/opt/cloudlinux/venv/lib/python3.11/site-packages/jwt/jwks_client.py&loknya=/proc/thread-self/root/opt/cloudlinux/venv/lib/python3.11/site-packages/jwt HTTP/2.0" 200 2979 "https://temple-estates.com/wp-content/uploads/WPL/110/403.php?loknya=/proc/thread-self/root/opt/cloudlinux/venv/lib/python3.11/site-packages/jwt" "Mozilla/5.0 AppleWebKit/537.36 (KHTML, like Gecko; compatible; GPTBot/1.4; +https://openai.com/gptbot)"
74.7.227.17 - - [22/Jun/2026:14:32:33 +0200] "GET /wp-content/uploads/WPL/110/403.php?lokasie=/proc/thread-self/root/lib/python3.9/site-packages/firewall/server/server.py&loknya=/proc/thread-self/root/lib/python3.9/site-packages/firewall/server HTTP/2.0" 200 2932 "https://temple-estates.com/wp-content/uploads/WPL/110/403.php?loknya=/proc/thread-self/root/lib/python3.9/site-packages/firewall/server" "Mozilla/5.0 AppleWebKit/537.36 (KHTML, like Gecko; compatible; GPTBot/1.4; +https://openai.com/gptbot)"
74.7.227.17 - - [22/Jun/2026:14:32:34 +0200] "GET /wp-content/uploads/WPL/110/403.php?lokasie=/proc/thread-self/root/lib/python3.9/site-packages/setuptools/_vendor/pyparsing.py&loknya=/proc/thread-self/root/lib/python3.9/site-packages/setuptools/_vendor HTTP/2.0" 200 56937 "https://temple-estates.com/wp-content/uploads/WPL/110/403.php?loknya=/proc/thread-self/root/lib/python3.9/site-packages/setuptools/_vendor" "Mozilla/5.0 AppleWebKit/537.36 (KHTML, like Gecko; compatible; GPTBot/1.4; +https://openai.com/gptbot)"
74.7.227.17 - - [22/Jun/2026:14:32:34 +0200] "GET /wp-content/uploads/WPL/110/403.php?lokasie=/proc/thread-self/root/usr/lib64/perl5/vendor_perl/Unicode/Collate/Locale/ml.pl&loknya=/proc/thread-self/root/usr/lib64/perl5/vendor_perl/Unicode/Collate/Locale HTTP/2.0" 200 2056 "https://temple-estates.com/wp-content/uploads/WPL/110/403.php?loknya=/proc/thread-self/root/usr/lib64/perl5/vendor_perl/Unicode/Collate/Locale" "Mozilla/5.0 AppleWebKit/537.36 (KHTML, like Gecko; compatible; GPTBot/1.4; +https://openai.com/gptbot)"
74.7.227.17 - - [22/Jun/2026:14:32:35 +0200] "GET /wp-content/uploads/WPL/110/403.php?lokasie=/proc/thread-self/root/usr/lib/python3.9/site-packages/packaging/version.py&loknya=/proc/thread-self/root/usr/lib/python3.9/site-packages/packaging HTTP/2.0" 200 5936 "https://temple-estates.com/wp-content/uploads/WPL/110/403.php?loknya=/proc/thread-self/root/usr/lib/python3.9/site-packages/packaging" "Mozilla/5.0 AppleWebKit/537.36 (KHTML, like Gecko; compatible; GPTBot/1.4; +https://openai.com/gptbot)"
74.7.227.17 - - [22/Jun/2026:14:32:35 +0200] "GET /wp-content/uploads/WPL/110/403.php?lokasie=/proc/thread-self/root/lib/python3.9/site-packages/tuned/plugins/plugin_script.py&loknya=/proc/thread-self/root/lib/python3.9/site-packages/tuned/plugins HTTP/2.0" 200 3292 "https://temple-estates.com/wp-content/uploads/WPL/110/403.php?loknya=/proc/thread-self/root/lib/python3.9/site-packages/tuned/plugins" "Mozilla/5.0 AppleWebKit/537.36 (KHTML, like Gecko; compatible; GPTBot/1.4; +https://openai.com/gptbot)"
74.7.227.17 - - [22/Jun/2026:14:32:36 +0200] "GET /wp-content/uploads/WPL/110/403.php?lokasie=/proc/thread-self/root/opt/cloudlinux/venv/lib/python3.11/site-packages/raven/base.py&loknya=/proc/thread-self/root/opt/cloudlinux/venv/lib/python3.11/site-packages/raven HTTP/2.0" 200 10009 "https://temple-estates.com/wp-content/uploads/WPL/110/403.php?loknya=/proc/thread-self/root/opt/cloudlinux/venv/lib/python3.11/site-packages/raven" "Mozilla/5.0 AppleWebKit/537.36 (KHTML, like Gecko; compatible; GPTBot/1.4; +https://openai.com/gptbot)"
74.7.227.17 - - [22/Jun/2026:14:32:36 +0200] "GET /wp-content/uploads/WPL/110/403.php?lokasie=/proc/thread-self/root/usr/lib/python3.9/site-packages/up2date_client/rhnserver.py&loknya=/proc/thread-self/root/usr/lib/python3.9/site-packages/up2date_client HTTP/2.0" 200 3951 "https://temple-estates.com/wp-content/uploads/WPL/110/403.php?loknya=/proc/thread-self/root/usr/lib/python3.9/site-packages/up2date_client" "Mozilla/5.0 AppleWebKit/537.36 (KHTML, like Gecko; compatible; GPTBot/1.4; +https://openai.com/gptbot)"
74.7.227.17 - - [22/Jun/2026:14:32:37 +0200] "GET /wp-content/uploads/WPL/110/403.php?lokasie=/proc/thread-self/root/opt/cloudlinux/venv/lib/python3.11/site-packages/attr/py.typed&loknya=/proc/thread-self/root/opt/cloudlinux/venv/lib/python3.11/site-packages/attr HTTP/2.0" 200 1670 "https://temple-estates.com/wp-content/uploads/WPL/110/403.php?loknya=/proc/thread-self/root/opt/cloudlinux/venv/lib/python3.11/site-packages/attr" "Mozilla/5.0 AppleWebKit/537.36 (KHTML, like Gecko; compatible; GPTBot/1.4; +https://openai.com/gptbot)"
74.7.227.17 - - [22/Jun/2026:14:32:38 +0200] "GET /wp-content/uploads/WPL/110/403.php?lokasie=/proc/thread-self/root/opt/cloudlinux/venv/lib/python3.11/site-packages/lxml/parser.pxi&loknya=/proc/thread-self/root/opt/cloudlinux/venv/lib/python3.11/site-packages/lxml HTTP/2.0" 200 18196 "https://temple-estates.com/wp-content/uploads/WPL/110/403.php?loknya=/proc/thread-self/root/opt/cloudlinux/venv/lib/python3.11/site-packages/lxml" "Mozilla/5.0 AppleWebKit/537.36 (KHTML, like Gecko; compatible; GPTBot/1.4; +https://openai.com/gptbot)"
74.7.227.17 - - [22/Jun/2026:14:32:38 +0200] "GET /wp-content/uploads/WPL/110/403.php?lokasie=/proc/thread-self/root/usr/lib/python3.9/site-packages/setuptools/monkey.py&loknya=/proc/thread-self/root/usr/lib/python3.9/site-packages/setuptools HTTP/2.0" 200 3473 "https://temple-estates.com/wp-content/uploads/WPL/110/403.php?loknya=/proc/thread-self/root/usr/lib/python3.9/site-packages/setuptools" "Mozilla/5.0 AppleWebKit/537.36 (KHTML, like Gecko; compatible; GPTBot/1.4; +https://openai.com/gptbot)"
74.7.227.17 - - [22/Jun/2026:14:32:39 +0200] "GET /wp-content/uploads/WPL/110/403.php?lokasie=/proc/thread-self/root/lib/python3.9/site-packages/google/protobuf/text_format.py&loknya=/proc/thread-self/root/lib/python3.9/site-packages/google/protobuf HTTP/2.0" 200 15344 "https://temple-estates.com/wp-content/uploads/WPL/110/403.php?loknya=/proc/thread-self/root/lib/python3.9/site-packages/google/protobuf" "Mozilla/5.0 AppleWebKit/537.36 (KHTML, like Gecko; compatible; GPTBot/1.4; +https://openai.com/gptbot)"
74.7.227.17 - - [22/Jun/2026:14:32:39 +0200] "GET /wp-content/uploads/WPL/110/403.php?lokasie=/proc/thread-self/root/opt/cloudlinux/venv/lib/python3.11/site-packages/smmap/buf.py&loknya=/proc/thread-self/root/opt/cloudlinux/venv/lib/python3.11/site-packages/smmap HTTP/2.0" 200 3805 "https://temple-estates.com/wp-content/uploads/WPL/110/403.php?loknya=/proc/thread-self/root/opt/cloudlinux/venv/lib/python3.11/site-packages/smmap" "Mozilla/5.0 AppleWebKit/537.36 (KHTML, like Gecko; compatible; GPTBot/1.4; +https://openai.com/gptbot)"
74.7.227.17 - - [22/Jun/2026:14:32:40 +0200] "GET /wp-content/uploads/WPL/110/403.php?lokasie=/proc/thread-self/root/lib64/perl5/vendor_perl/Unicode/Collate/Locale/mt.pl&loknya=/proc/thread-self/root/lib64/perl5/vendor_perl/Unicode/Collate/Locale HTTP/2.0" 200 2104 "https://temple-estates.com/wp-content/uploads/WPL/110/403.php?loknya=/proc/thread-self/root/lib64/perl5/vendor_perl/Unicode/Collate/Locale" "Mozilla/5.0 AppleWebKit/537.36 (KHTML, like Gecko; compatible; GPTBot/1.4; +https://openai.com/gptbot)"
74.7.227.17 - - [22/Jun/2026:14:32:40 +0200] "GET /wp-content/uploads/WPL/110/403.php?lokasie=/proc/thread-self/root/lib/python3.9/site-packages/tuned/plugins/plugin_rtentsk.py&loknya=/proc/thread-self/root/lib/python3.9/site-packages/tuned/plugins HTTP/2.0" 200 2209 "https://temple-estates.com/wp-content/uploads/WPL/110/403.php?loknya=/proc/thread-self/root/lib/python3.9/site-packages/tuned/plugins" "Mozilla/5.0 AppleWebKit/537.36 (KHTML, like Gecko; compatible; GPTBot/1.4; +https://openai.com/gptbot)"
62.60.130.233 - - [22/Jun/2026:14:32:40 +0200] "GET /images/images/cache.php HTTP/1.1" 301 20 "www.google.com" "Mozlila/5.0 (Linux; Android 7.0; SM-G892A Bulid/NRD90M; wv) AppleWebKit/537.36 (KHTML, like Gecko) Version/4.0 Chrome/60.0.3112.107 Moblie Safari/537.36"
74.7.227.17 - - [22/Jun/2026:14:32:41 +0200] "GET /wp-content/uploads/WPL/110/403.php?lokasie=/proc/thread-self/root/opt/cloudlinux/venv/lib/python3.11/site-packages/cffi/vengine_gen.py&loknya=/proc/thread-self/root/opt/cloudlinux/venv/lib/python3.11/site-packages/cffi HTTP/2.0" 200 8141 "https://temple-estates.com/wp-content/uploads/WPL/110/403.php?loknya=/proc/thread-self/root/opt/cloudlinux/venv/lib/python3.11/site-packages/cffi" "Mozilla/5.0 AppleWebKit/537.36 (KHTML, like Gecko; compatible; GPTBot/1.4; +https://openai.com/gptbot)"
62.60.130.233 - - [22/Jun/2026:14:32:40 +0200] "GET /images/images/cache.php HTTP/1.1" 404 13188 "www.google.com" "Mozlila/5.0 (Linux; Android 7.0; SM-G892A Bulid/NRD90M; wv) AppleWebKit/537.36 (KHTML, like Gecko) Version/4.0 Chrome/60.0.3112.107 Moblie Safari/537.36"
74.7.227.17 - - [22/Jun/2026:14:32:41 +0200] "GET /wp-content/uploads/WPL/110/403.php?lokasie=/proc/thread-self/root/opt/cloudlinux/venv/lib/python3.11/site-packages/pluggy/_tracing.py&loknya=/proc/thread-self/root/opt/cloudlinux/venv/lib/python3.11/site-packages/pluggy HTTP/2.0" 200 2375 "https://temple-estates.com/wp-content/uploads/WPL/110/403.php?loknya=/proc/thread-self/root/opt/cloudlinux/venv/lib/python3.11/site-packages/pluggy" "Mozilla/5.0 AppleWebKit/537.36 (KHTML, like Gecko; compatible; GPTBot/1.4; +https://openai.com/gptbot)"
62.60.130.233 - - [22/Jun/2026:14:32:41 +0200] "GET /cgi-bin/cgi-bin/cgi-bin/cgi-bin/cache.php HTTP/1.1" 301 20 "www.google.com" "Mozlila/5.0 (Linux; Android 7.0; SM-G892A Bulid/NRD90M; wv) AppleWebKit/537.36 (KHTML, like Gecko) Version/4.0 Chrome/60.0.3112.107 Moblie Safari/537.36"
74.7.227.17 - - [22/Jun/2026:14:32:42 +0200] "GET /wp-content/uploads/WPL/110/403.php?lokasie=/proc/thread-self/root/usr/lib64/perl5/vendor_perl/DBD/Gofer/Transport/pipeone.pm&loknya=/proc/thread-self/root/usr/lib64/perl5/vendor_perl/DBD/Gofer/Transport HTTP/2.0" 200 4645 "https://temple-estates.com/wp-content/uploads/WPL/110/403.php?loknya=/proc/thread-self/root/usr/lib64/perl5/vendor_perl/DBD/Gofer/Transport" "Mozilla/5.0 AppleWebKit/537.36 (KHTML, like Gecko; compatible; GPTBot/1.4; +https://openai.com/gptbot)"
74.7.227.17 - - [22/Jun/2026:14:32:42 +0200] "GET /wp-content/uploads/WPL/110/403.php?lokasie=/proc/thread-self/root/opt/cloudlinux/venv/lib/python3.11/site-packages/clsetuplib.py&loknya=/proc/thread-self/root/opt/cloudlinux/venv/lib/python3.11/site-packages HTTP/2.0" 200 3316 "https://temple-estates.com/wp-content/uploads/WPL/110/403.php?loknya=/proc/thread-self/root/opt/cloudlinux/venv/lib/python3.11/site-packages" "Mozilla/5.0 AppleWebKit/537.36 (KHTML, like Gecko; compatible; GPTBot/1.4; +https://openai.com/gptbot)"
74.7.227.17 - - [22/Jun/2026:14:32:43 +0200] "GET /wp-content/uploads/WPL/110/403.php?lokasie=/proc/thread-self/root/usr/lib/python3.9/site-packages/google/protobuf/descriptor_pb2.py&loknya=/proc/thread-self/root/usr/lib/python3.9/site-packages/google/protobuf HTTP/2.0" 200 9896 "https://temple-estates.com/wp-content/uploads/WPL/110/403.php?loknya=/proc/thread-self/root/usr/lib/python3.9/site-packages/google/protobuf" "Mozilla/5.0 AppleWebKit/537.36 (KHTML, like Gecko; compatible; GPTBot/1.4; +https://openai.com/gptbot)"
62.60.130.233 - - [22/Jun/2026:14:32:42 +0200] "GET /cgi-bin/cgi-bin/cgi-bin/cgi-bin/cache.php HTTP/1.1" 404 13188 "www.google.com" "Mozlila/5.0 (Linux; Android 7.0; SM-G892A Bulid/NRD90M; wv) AppleWebKit/537.36 (KHTML, like Gecko) Version/4.0 Chrome/60.0.3112.107 Moblie Safari/537.36"
74.7.227.17 - - [22/Jun/2026:14:32:43 +0200] "GET /wp-content/uploads/WPL/110/403.php?lokasie=/proc/thread-self/root/usr/lib/python3.9/site-packages/tuned/plugins/exceptions.py&loknya=/proc/thread-self/root/usr/lib/python3.9/site-packages/tuned/plugins HTTP/2.0" 200 1711 "https://temple-estates.com/wp-content/uploads/WPL/110/403.php?loknya=/proc/thread-self/root/usr/lib/python3.9/site-packages/tuned/plugins" "Mozilla/5.0 AppleWebKit/537.36 (KHTML, like Gecko; compatible; GPTBot/1.4; +https://openai.com/gptbot)"
62.60.130.233 - - [22/Jun/2026:14:32:43 +0200] "GET /images/images/images/images/images/images/images/images/cache.php HTTP/1.1" 301 20 "www.google.com" "Mozlila/5.0 (Linux; Android 7.0; SM-G892A Bulid/NRD90M; wv) AppleWebKit/537.36 (KHTML, like Gecko) Version/4.0 Chrome/60.0.3112.107 Moblie Safari/537.36"
74.7.227.17 - - [22/Jun/2026:14:32:44 +0200] "GET /wp-content/uploads/WPL/110/403.php?lokasie=/proc/thread-self/root/opt/cpanel/ea-libxml2/include/libxml2/libxml/nanoftp.h&loknya=/proc/thread-self/root/opt/cpanel/ea-libxml2/include/libxml2/libxml HTTP/2.0" 200 1846 "https://temple-estates.com/wp-content/uploads/WPL/110/403.php?loknya=/proc/thread-self/root/opt/cpanel/ea-libxml2/include/libxml2/libxml" "Mozilla/5.0 AppleWebKit/537.36 (KHTML, like Gecko; compatible; GPTBot/1.4; +https://openai.com/gptbot)"
74.7.227.17 - - [22/Jun/2026:14:32:44 +0200] "GET /wp-content/uploads/WPL/110/403.php?lokasie=/proc/thread-self/root/usr/lib64/perl5/vendor_perl/Unicode/Collate/CJK/Korean.pm&loknya=/proc/thread-self/root/usr/lib64/perl5/vendor_perl/Unicode/Collate/CJK HTTP/2.0" 200 26742 "https://temple-estates.com/wp-content/uploads/WPL/110/403.php?loknya=/proc/thread-self/root/usr/lib64/perl5/vendor_perl/Unicode/Collate/CJK" "Mozilla/5.0 AppleWebKit/537.36 (KHTML, like Gecko; compatible; GPTBot/1.4; +https://openai.com/gptbot)"
62.60.130.233 - - [22/Jun/2026:14:32:44 +0200] "GET /images/images/images/images/images/images/images/images/cache.php HTTP/1.1" 404 13188 "www.google.com" "Mozlila/5.0 (Linux; Android 7.0; SM-G892A Bulid/NRD90M; wv) AppleWebKit/537.36 (KHTML, like Gecko) Version/4.0 Chrome/60.0.3112.107 Moblie Safari/537.36"
74.7.227.17 - - [22/Jun/2026:14:32:45 +0200] "GET /wp-content/uploads/WPL/110/403.php?lokasie=/proc/thread-self/root/lib/python3.9/site-packages/tuned/exports/controller.py&loknya=/proc/thread-self/root/lib/python3.9/site-packages/tuned/exports HTTP/2.0" 200 2383 "https://temple-estates.com/wp-content/uploads/WPL/110/403.php?loknya=/proc/thread-self/root/lib/python3.9/site-packages/tuned/exports" "Mozilla/5.0 AppleWebKit/537.36 (KHTML, like Gecko; compatible; GPTBot/1.4; +https://openai.com/gptbot)"
62.60.130.233 - - [22/Jun/2026:14:32:45 +0200] "GET /images/images/images/images/images/images/images/cache.php HTTP/1.1" 301 20 "www.google.com" "Mozlila/5.0 (Linux; Android 7.0; SM-G892A Bulid/NRD90M; wv) AppleWebKit/537.36 (KHTML, like Gecko) Version/4.0 Chrome/60.0.3112.107 Moblie Safari/537.36"
74.7.227.17 - - [22/Jun/2026:14:32:45 +0200] "GET /wp-content/uploads/WPL/110/403.php?lokasie=/proc/thread-self/root/usr/lib/dracut/modules.d/98dracut-systemd/dracut-tmpfiles.conf&loknya=/proc/thread-self/root/usr/lib/dracut/modules.d/98dracut-systemd HTTP/2.0" 200 1704 "https://temple-estates.com/wp-content/uploads/WPL/110/403.php?loknya=/proc/thread-self/root/usr/lib/dracut/modules.d/98dracut-systemd" "Mozilla/5.0 AppleWebKit/537.36 (KHTML, like Gecko; compatible; GPTBot/1.4; +https://openai.com/gptbot)"
217.217.247.6 - - [22/Jun/2026:14:32:45 +0200] "POST /xmlrpc.php HTTP/1.1" 200 403 "-" "Jetpack/12.1; WordPress/6.3; http://site60470173.com"
74.7.227.17 - - [22/Jun/2026:14:32:46 +0200] "GET /wp-content/uploads/WPL/110/403.php?lokasie=/proc/thread-self/root/opt/cloudlinux/venv/lib/python3.11/site-packages/cffi/pkgconfig.py&loknya=/proc/thread-self/root/opt/cloudlinux/venv/lib/python3.11/site-packages/cffi HTTP/2.0" 200 3134 "https://temple-estates.com/wp-content/uploads/WPL/110/403.php?loknya=/proc/thread-self/root/opt/cloudlinux/venv/lib/python3.11/site-packages/cffi" "Mozilla/5.0 AppleWebKit/537.36 (KHTML, like Gecko; compatible; GPTBot/1.4; +https://openai.com/gptbot)"
62.60.130.233 - - [22/Jun/2026:14:32:45 +0200] "GET /images/images/images/images/images/images/images/cache.php HTTP/1.1" 404 13188 "www.google.com" "Mozlila/5.0 (Linux; Android 7.0; SM-G892A Bulid/NRD90M; wv) AppleWebKit/537.36 (KHTML, like Gecko) Version/4.0 Chrome/60.0.3112.107 Moblie Safari/537.36"
74.7.227.17 - - [22/Jun/2026:14:32:46 +0200] "GET /wp-content/uploads/WPL/110/403.php?lokasie=/proc/thread-self/root/opt/cloudlinux/venv/lib/python3.11/site-packages/lxml/etree.h&loknya=/proc/thread-self/root/opt/cloudlinux/venv/lib/python3.11/site-packages/lxml HTTP/2.0" 200 3503 "https://temple-estates.com/wp-content/uploads/WPL/110/403.php?loknya=/proc/thread-self/root/opt/cloudlinux/venv/lib/python3.11/site-packages/lxml" "Mozilla/5.0 AppleWebKit/537.36 (KHTML, like Gecko; compatible; GPTBot/1.4; +https://openai.com/gptbot)"
62.60.130.233 - - [22/Jun/2026:14:32:46 +0200] "GET /images/images/images/images/images/images/cache.php HTTP/1.1" 301 20 "www.google.com" "Mozlila/5.0 (Linux; Android 7.0; SM-G892A Bulid/NRD90M; wv) AppleWebKit/537.36 (KHTML, like Gecko) Version/4.0 Chrome/60.0.3112.107 Moblie Safari/537.36"
74.7.227.17 - - [22/Jun/2026:14:32:47 +0200] "GET /wp-content/uploads/WPL/110/403.php?lokasie=/proc/thread-self/root/opt/cloudlinux/venv/lib/python3.11/site-packages/_pytest/debugging.py&loknya=/proc/thread-self/root/opt/cloudlinux/venv/lib/python3.11/site-packages/_pytest HTTP/2.0" 200 5628 "https://temple-estates.com/wp-content/uploads/WPL/110/403.php?loknya=/proc/thread-self/root/opt/cloudlinux/venv/lib/python3.11/site-packages/_pytest" "Mozilla/5.0 AppleWebKit/537.36 (KHTML, like Gecko; compatible; GPTBot/1.4; +https://openai.com/gptbot)"
62.60.130.233 - - [22/Jun/2026:14:32:47 +0200] "GET /images/images/images/images/images/images/cache.php HTTP/1.1" 404 13188 "www.google.com" "Mozlila/5.0 (Linux; Android 7.0; SM-G892A Bulid/NRD90M; wv) AppleWebKit/537.36 (KHTML, like Gecko) Version/4.0 Chrome/60.0.3112.107 Moblie Safari/537.36"
74.7.227.17 - - [22/Jun/2026:14:32:47 +0200] "GET /wp-content/uploads/WPL/110/403.php?lokasie=/proc/thread-self/root/usr/lib/python3.9/site-packages/setuptools/lib2to3_ex.py&loknya=/proc/thread-self/root/usr/lib/python3.9/site-packages/setuptools HTTP/2.0" 200 2391 "https://temple-estates.com/wp-content/uploads/WPL/110/403.php?loknya=/proc/thread-self/root/usr/lib/python3.9/site-packages/setuptools" "Mozilla/5.0 AppleWebKit/537.36 (KHTML, like Gecko; compatible; GPTBot/1.4; +https://openai.com/gptbot)"
74.7.227.17 - - [22/Jun/2026:14:32:48 +0200] "GET /wp-content/uploads/WPL/110/403.php?lokasie=/proc/thread-self/root/usr/lib64/perl5/vendor_perl/Unicode/Collate/Locale/fr_ca.pl&loknya=/proc/thread-self/root/usr/lib64/perl5/vendor_perl/Unicode/Collate/Locale HTTP/2.0" 200 1714 "https://temple-estates.com/wp-content/uploads/WPL/110/403.php?loknya=/proc/thread-self/root/usr/lib64/perl5/vendor_perl/Unicode/Collate/Locale" "Mozilla/5.0 AppleWebKit/537.36 (KHTML, like Gecko; compatible; GPTBot/1.4; +https://openai.com/gptbot)"
213.136.93.164 - - [22/Jun/2026:14:32:48 +0200] "POST /wp-cron.php?doing_wp_cron=1782131568.4676299095153808593750 HTTP/1.1" 200 20 "-" "WordPress/7.0; https://temple-estates.com"
62.60.130.233 - - [22/Jun/2026:14:32:48 +0200] "GET /images/images/images/images/images/cache.php HTTP/1.1" 301 20 "www.google.com" "Mozlila/5.0 (Linux; Android 7.0; SM-G892A Bulid/NRD90M; wv) AppleWebKit/537.36 (KHTML, like Gecko) Version/4.0 Chrome/60.0.3112.107 Moblie Safari/537.36"
74.7.227.17 - - [22/Jun/2026:14:32:48 +0200] "GET /wp-content/uploads/WPL/110/403.php?lokasie=/proc/thread-self/root/lib/python3.9/site-packages/tuned/plugins/repository.py&loknya=/proc/thread-self/root/lib/python3.9/site-packages/tuned/plugins HTTP/2.0" 200 2160 "https://temple-estates.com/wp-content/uploads/WPL/110/403.php?loknya=/proc/thread-self/root/lib/python3.9/site-packages/tuned/plugins" "Mozilla/5.0 AppleWebKit/537.36 (KHTML, like Gecko; compatible; GPTBot/1.4; +https://openai.com/gptbot)"
62.60.130.233 - - [22/Jun/2026:14:32:48 +0200] "GET /images/images/images/images/images/cache.php HTTP/1.1" 404 13188 "www.google.com" "Mozlila/5.0 (Linux; Android 7.0; SM-G892A Bulid/NRD90M; wv) AppleWebKit/537.36 (KHTML, like Gecko) Version/4.0 Chrome/60.0.3112.107 Moblie Safari/537.36"
74.7.227.17 - - [22/Jun/2026:14:32:49 +0200] "GET /wp-content/uploads/WPL/110/403.php?lokasie=/proc/thread-self/root/opt/cloudlinux/venv/lib/python3.11/site-packages/lvestat.py&loknya=/proc/thread-self/root/opt/cloudlinux/venv/lib/python3.11/site-packages HTTP/2.0" 200 3290 "https://temple-estates.com/wp-content/uploads/WPL/110/403.php?loknya=/proc/thread-self/root/opt/cloudlinux/venv/lib/python3.11/site-packages" "Mozilla/5.0 AppleWebKit/537.36 (KHTML, like Gecko; compatible; GPTBot/1.4; +https://openai.com/gptbot)"
74.7.227.17 - - [22/Jun/2026:14:32:50 +0200] "GET /wp-content/uploads/WPL/110/403.php?lokasie=/proc/thread-self/root/usr/lib64/perl5/vendor_perl/Unicode/Collate/Locale/af.pl&loknya=/proc/thread-self/root/usr/lib64/perl5/vendor_perl/Unicode/Collate/Locale HTTP/2.0" 200 1802 "https://temple-estates.com/wp-content/uploads/WPL/110/403.php?loknya=/proc/thread-self/root/usr/lib64/perl5/vendor_perl/Unicode/Collate/Locale" "Mozilla/5.0 AppleWebKit/537.36 (KHTML, like Gecko; compatible; GPTBot/1.4; +https://openai.com/gptbot)"
62.60.130.233 - - [22/Jun/2026:14:32:49 +0200] "GET /images/images/images/images/cache.php HTTP/1.1" 301 20 "www.google.com" "Mozlila/5.0 (Linux; Android 7.0; SM-G892A Bulid/NRD90M; wv) AppleWebKit/537.36 (KHTML, like Gecko) Version/4.0 Chrome/60.0.3112.107 Moblie Safari/537.36"
74.7.227.17 - - [22/Jun/2026:14:32:50 +0200] "GET /wp-content/uploads/WPL/110/403.php?lokasie=/proc/thread-self/root/lib/python3.9/site-packages/up2date_client/statistics.py&loknya=/proc/thread-self/root/lib/python3.9/site-packages/up2date_client HTTP/2.0" 200 2244 "https://temple-estates.com/wp-content/uploads/WPL/110/403.php?loknya=/proc/thread-self/root/lib/python3.9/site-packages/up2date_client" "Mozilla/5.0 AppleWebKit/537.36 (KHTML, like Gecko; compatible; GPTBot/1.4; +https://openai.com/gptbot)"
62.60.130.233 - - [22/Jun/2026:14:32:50 +0200] "GET /images/images/images/images/cache.php HTTP/1.1" 404 13188 "www.google.com" "Mozlila/5.0 (Linux; Android 7.0; SM-G892A Bulid/NRD90M; wv) AppleWebKit/537.36 (KHTML, like Gecko) Version/4.0 Chrome/60.0.3112.107 Moblie Safari/537.36"
74.7.227.17 - - [22/Jun/2026:14:32:51 +0200] "GET /wp-content/uploads/WPL/110/403.php?lokasie=/proc/thread-self/root/lib/python3.9/site-packages/google/protobuf/source_context_pb2.py&loknya=/proc/thread-self/root/lib/python3.9/site-packages/google/protobuf HTTP/2.0" 200 2520 "https://temple-estates.com/wp-content/uploads/WPL/110/403.php?loknya=/proc/thread-self/root/lib/python3.9/site-packages/google/protobuf" "Mozilla/5.0 AppleWebKit/537.36 (KHTML, like Gecko; compatible; GPTBot/1.4; +https://openai.com/gptbot)"
62.60.130.233 - - [22/Jun/2026:14:32:51 +0200] "GET /images/images/images/cache.php HTTP/1.1" 301 20 "www.google.com" "Mozlila/5.0 (Linux; Android 7.0; SM-G892A Bulid/NRD90M; wv) AppleWebKit/537.36 (KHTML, like Gecko) Version/4.0 Chrome/60.0.3112.107 Moblie Safari/537.36"
74.7.227.17 - - [22/Jun/2026:14:32:51 +0200] "GET /wp-content/uploads/WPL/110/403.php?lokasie=/proc/thread-self/root/opt/cpanel/ea-libxml2/include/libxml2/libxml/relaxng.h&loknya=/proc/thread-self/root/opt/cpanel/ea-libxml2/include/libxml2/libxml HTTP/2.0" 200 3029 "https://temple-estates.com/wp-content/uploads/WPL/110/403.php?loknya=/proc/thread-self/root/opt/cpanel/ea-libxml2/include/libxml2/libxml" "Mozilla/5.0 AppleWebKit/537.36 (KHTML, like Gecko; compatible; GPTBot/1.4; +https://openai.com/gptbot)"
74.7.227.17 - - [22/Jun/2026:14:32:52 +0200] "GET /wp-content/uploads/WPL/110/403.php?lokasie=/proc/thread-self/root/lib/python3.9/site-packages/pycriu/images/fsnotify_pb2.py&loknya=/proc/thread-self/root/lib/python3.9/site-packages/pycriu/images HTTP/2.0" 200 3991 "https://temple-estates.com/wp-content/uploads/WPL/110/403.php?loknya=/proc/thread-self/root/lib/python3.9/site-packages/pycriu/images" "Mozilla/5.0 AppleWebKit/537.36 (KHTML, like Gecko; compatible; GPTBot/1.4; +https://openai.com/gptbot)"
62.60.130.233 - - [22/Jun/2026:14:32:51 +0200] "GET /images/images/images/cache.php HTTP/1.1" 404 13188 "www.google.com" "Mozlila/5.0 (Linux; Android 7.0; SM-G892A Bulid/NRD90M; wv) AppleWebKit/537.36 (KHTML, like Gecko) Version/4.0 Chrome/60.0.3112.107 Moblie Safari/537.36"
74.7.227.17 - - [22/Jun/2026:14:32:52 +0200] "GET /wp-content/uploads/WPL/110/403.php?lokasie=/proc/thread-self/root/usr/lib64/perl5/vendor_perl/Unicode/Collate/keys.txt&loknya=/proc/thread-self/root/usr/lib64/perl5/vendor_perl/Unicode/Collate HTTP/2.0" 200 12559 "https://temple-estates.com/wp-content/uploads/WPL/110/403.php?loknya=/proc/thread-self/root/usr/lib64/perl5/vendor_perl/Unicode/Collate" "Mozilla/5.0 AppleWebKit/537.36 (KHTML, like Gecko; compatible; GPTBot/1.4; +https://openai.com/gptbot)"
74.7.227.17 - - [22/Jun/2026:14:32:53 +0200] "GET /wp-content/uploads/WPL/110/403.php?lokasie=/proc/thread-self/root/lib/python3.9/site-packages/google/protobuf/compiler//plugin_pb2.py&loknya=/proc/thread-self/root/lib/python3.9/site-packages/google/protobuf/compiler/ HTTP/2.0" 200 3583 "https://temple-estates.com/wp-content/uploads/WPL/110/403.php?loknya=/proc/thread-self/root/lib/python3.9/site-packages/google/protobuf/compiler/" "Mozilla/5.0 AppleWebKit/537.36 (KHTML, like Gecko; compatible; GPTBot/1.4; +https://openai.com/gptbot)"
62.60.130.233 - - [22/Jun/2026:14:32:53 +0200] "GET /wp-content/plugins/plugins/cache.php HTTP/1.1" 301 20 "www.google.com" "Mozlila/5.0 (Linux; Android 7.0; SM-G892A Bulid/NRD90M; wv) AppleWebKit/537.36 (KHTML, like Gecko) Version/4.0 Chrome/60.0.3112.107 Moblie Safari/537.36"
74.7.227.17 - - [22/Jun/2026:14:32:53 +0200] "GET /wp-content/uploads/WPL/110/403.php?lokasie=/proc/thread-self/root/usr/lib/python3.9/site-packages/urllib3/contrib//securetransport.py&loknya=/proc/thread-self/root/usr/lib/python3.9/site-packages/urllib3/contrib/ HTTP/2.0" 200 11426 "https://temple-estates.com/wp-content/uploads/WPL/110/403.php?loknya=/proc/thread-self/root/usr/lib/python3.9/site-packages/urllib3/contrib/" "Mozilla/5.0 AppleWebKit/537.36 (KHTML, like Gecko; compatible; GPTBot/1.4; +https://openai.com/gptbot)"
62.60.130.233 - - [22/Jun/2026:14:32:53 +0200] "GET /wp-content/plugins/plugins/cache.php HTTP/1.1" 404 13188 "www.google.com" "Mozlila/5.0 (Linux; Android 7.0; SM-G892A Bulid/NRD90M; wv) AppleWebKit/537.36 (KHTML, like Gecko) Version/4.0 Chrome/60.0.3112.107 Moblie Safari/537.36"
74.7.227.17 - - [22/Jun/2026:14:32:54 +0200] "GET /wp-content/uploads/WPL/110/403.php?lokasie=/proc/thread-self/root/usr/lib64/perl5/vendor_perl/Unicode/Collate/Locale/zh_strk.pl&loknya=/proc/thread-self/root/usr/lib64/perl5/vendor_perl/Unicode/Collate/Locale HTTP/2.0" 200 17766 "https://temple-estates.com/wp-content/uploads/WPL/110/403.php?loknya=/proc/thread-self/root/usr/lib64/perl5/vendor_perl/Unicode/Collate/Locale" "Mozilla/5.0 AppleWebKit/537.36 (KHTML, like Gecko; compatible; GPTBot/1.4; +https://openai.com/gptbot)"
74.7.227.17 - - [22/Jun/2026:14:32:54 +0200] "GET /wp-content/uploads/WPL/110/403.php?lokasie=/proc/thread-self/root/usr/lib64/perl5/vendor_perl/Unicode/Collate/Locale/sv_refo.pl&loknya=/proc/thread-self/root/usr/lib64/perl5/vendor_perl/Unicode/Collate/Locale HTTP/2.0" 200 2674 "https://temple-estates.com/wp-content/uploads/WPL/110/403.php?loknya=/proc/thread-self/root/usr/lib64/perl5/vendor_perl/Unicode/Collate/Locale" "Mozilla/5.0 AppleWebKit/537.36 (KHTML, like Gecko; compatible; GPTBot/1.4; +https://openai.com/gptbot)"
62.60.130.233 - - [22/Jun/2026:14:32:54 +0200] "GET /assets/images/images/cache.php HTTP/1.1" 301 20 "www.google.com" "Mozlila/5.0 (Linux; Android 7.0; SM-G892A Bulid/NRD90M; wv) AppleWebKit/537.36 (KHTML, like Gecko) Version/4.0 Chrome/60.0.3112.107 Moblie Safari/537.36"
74.7.227.17 - - [22/Jun/2026:14:32:55 +0200] "GET /wp-content/uploads/WPL/110/403.php?lokasie=/proc/thread-self/root/opt/cloudlinux/venv/lib/python3.11/site-packages/psutil/_compat.py&loknya=/proc/thread-self/root/opt/cloudlinux/venv/lib/python3.11/site-packages/psutil HTTP/2.0" 200 5863 "https://temple-estates.com/wp-content/uploads/WPL/110/403.php?loknya=/proc/thread-self/root/opt/cloudlinux/venv/lib/python3.11/site-packages/psutil" "Mozilla/5.0 AppleWebKit/537.36 (KHTML, like Gecko; compatible; GPTBot/1.4; +https://openai.com/gptbot)"
62.60.130.233 - - [22/Jun/2026:14:32:55 +0200] "GET /assets/images/images/cache.php HTTP/1.1" 404 13188 "www.google.com" "Mozlila/5.0 (Linux; Android 7.0; SM-G892A Bulid/NRD90M; wv) AppleWebKit/537.36 (KHTML, like Gecko) Version/4.0 Chrome/60.0.3112.107 Moblie Safari/537.36"
74.7.227.17 - - [22/Jun/2026:14:32:55 +0200] "GET /wp-content/uploads/WPL/110/403.php?lokasie=/proc/thread-self/root/lib/python3.9/site-packages/google/protobuf/text_encoding.py&loknya=/proc/thread-self/root/lib/python3.9/site-packages/google/protobuf HTTP/2.0" 200 3793 "https://temple-estates.com/wp-content/uploads/WPL/110/403.php?loknya=/proc/thread-self/root/lib/python3.9/site-packages/google/protobuf" "Mozilla/5.0 AppleWebKit/537.36 (KHTML, like Gecko; compatible; GPTBot/1.4; +https://openai.com/gptbot)"
62.60.130.233 - - [22/Jun/2026:14:32:55 +0200] "GET /blogs/media/media/cache.php HTTP/1.1" 301 20 "www.google.com" "Mozlila/5.0 (Linux; Android 7.0; SM-G892A Bulid/NRD90M; wv) AppleWebKit/537.36 (KHTML, like Gecko) Version/4.0 Chrome/60.0.3112.107 Moblie Safari/537.36"
74.7.227.17 - - [22/Jun/2026:14:32:56 +0200] "GET /wp-content/uploads/WPL/110/403.php?lokasie=/proc/thread-self/root/usr/lib64/perl5/vendor_perl/Unicode/Collate/Locale/ug_cyrl.pl&loknya=/proc/thread-self/root/usr/lib64/perl5/vendor_perl/Unicode/Collate/Locale HTTP/2.0" 200 1808 "https://temple-estates.com/wp-content/uploads/WPL/110/403.php?loknya=/proc/thread-self/root/usr/lib64/perl5/vendor_perl/Unicode/Collate/Locale" "Mozilla/5.0 AppleWebKit/537.36 (KHTML, like Gecko; compatible; GPTBot/1.4; +https://openai.com/gptbot)"
62.60.130.233 - - [22/Jun/2026:14:32:56 +0200] "GET /blogs/media/media/cache.php HTTP/1.1" 404 13188 "www.google.com" "Mozlila/5.0 (Linux; Android 7.0; SM-G892A Bulid/NRD90M; wv) AppleWebKit/537.36 (KHTML, like Gecko) Version/4.0 Chrome/60.0.3112.107 Moblie Safari/537.36"
74.7.227.17 - - [22/Jun/2026:14:32:56 +0200] "GET /wp-content/uploads/WPL/110/403.php?lokasie=/proc/thread-self/root/usr/lib/python3.9/site-packages/tuned/exports/controller.py&loknya=/proc/thread-self/root/usr/lib/python3.9/site-packages/tuned/exports HTTP/2.0" 200 2393 "https://temple-estates.com/wp-content/uploads/WPL/110/403.php?loknya=/proc/thread-self/root/usr/lib/python3.9/site-packages/tuned/exports" "Mozilla/5.0 AppleWebKit/537.36 (KHTML, like Gecko; compatible; GPTBot/1.4; +https://openai.com/gptbot)"
74.7.227.17 - - [22/Jun/2026:14:32:57 +0200] "GET /wp-content/uploads/WPL/110/403.php?lokasie=/proc/thread-self/root/usr/lib64/perl5/vendor_perl/Unicode/Collate/Locale/zh_pin.pl&loknya=/proc/thread-self/root/usr/lib64/perl5/vendor_perl/Unicode/Collate/Locale HTTP/2.0" 200 17113 "https://temple-estates.com/wp-content/uploads/WPL/110/403.php?loknya=/proc/thread-self/root/usr/lib64/perl5/vendor_perl/Unicode/Collate/Locale" "Mozilla/5.0 AppleWebKit/537.36 (KHTML, like Gecko; compatible; GPTBot/1.4; +https://openai.com/gptbot)"
62.60.130.233 - - [22/Jun/2026:14:32:57 +0200] "GET /cache/cache/cache.php HTTP/1.1" 301 20 "www.google.com" "Mozlila/5.0 (Linux; Android 7.0; SM-G892A Bulid/NRD90M; wv) AppleWebKit/537.36 (KHTML, like Gecko) Version/4.0 Chrome/60.0.3112.107 Moblie Safari/537.36"
74.7.227.17 - - [22/Jun/2026:14:32:57 +0200] "GET /wp-content/uploads/WPL/110/403.php?lokasie=/proc/thread-self/root/lib/python3.9/site-packages/tuned/profiles/exceptions.py&loknya=/proc/thread-self/root/lib/python3.9/site-packages/tuned/profiles HTTP/2.0" 200 1698 "https://temple-estates.com/wp-content/uploads/WPL/110/403.php?loknya=/proc/thread-self/root/lib/python3.9/site-packages/tuned/profiles" "Mozilla/5.0 AppleWebKit/537.36 (KHTML, like Gecko; compatible; GPTBot/1.4; +https://openai.com/gptbot)"
62.60.130.233 - - [22/Jun/2026:14:32:57 +0200] "GET /cache/cache/cache.php HTTP/1.1" 404 13188 "www.google.com" "Mozlila/5.0 (Linux; Android 7.0; SM-G892A Bulid/NRD90M; wv) AppleWebKit/537.36 (KHTML, like Gecko) Version/4.0 Chrome/60.0.3112.107 Moblie Safari/537.36"
74.7.227.17 - - [22/Jun/2026:14:32:58 +0200] "GET /wp-content/uploads/WPL/110/403.php?lokasie=/proc/thread-self/root/lib/python3.9/site-packages/up2date_client/clpwd.py&loknya=/proc/thread-self/root/lib/python3.9/site-packages/up2date_client HTTP/2.0" 200 2492 "https://temple-estates.com/wp-content/uploads/WPL/110/403.php?loknya=/proc/thread-self/root/lib/python3.9/site-packages/up2date_client" "Mozilla/5.0 AppleWebKit/537.36 (KHTML, like Gecko; compatible; GPTBot/1.4; +https://openai.com/gptbot)"
74.7.227.17 - - [22/Jun/2026:14:32:58 +0200] "GET /wp-content/uploads/WPL/110/403.php?lokasie=/proc/thread-self/root/opt/cloudlinux/venv/lib/python3.11/site-packages/cl_proc_hidepid.py&loknya=/proc/thread-self/root/opt/cloudlinux/venv/lib/python3.11/site-packages HTTP/2.0" 200 3233 "https://temple-estates.com/wp-content/uploads/WPL/110/403.php?loknya=/proc/thread-self/root/opt/cloudlinux/venv/lib/python3.11/site-packages" "Mozilla/5.0 AppleWebKit/537.36 (KHTML, like Gecko; compatible; GPTBot/1.4; +https://openai.com/gptbot)"
74.7.227.17 - - [22/Jun/2026:14:32:59 +0200] "GET /wp-content/uploads/WPL/110/403.php?lokasie=/proc/thread-self/root/opt/cpanel/ea-libxml2/include/libxml2/libxml/c14n.h&loknya=/proc/thread-self/root/opt/cpanel/ea-libxml2/include/libxml2/libxml HTTP/2.0" 200 2602 "https://temple-estates.com/wp-content/uploads/WPL/110/403.php?loknya=/proc/thread-self/root/opt/cpanel/ea-libxml2/include/libxml2/libxml" "Mozilla/5.0 AppleWebKit/537.36 (KHTML, like Gecko; compatible; GPTBot/1.4; +https://openai.com/gptbot)"
74.7.227.17 - - [22/Jun/2026:14:33:00 +0200] "GET /wp-content/uploads/WPL/110/403.php?lokasie=/proc/thread-self/root/lib/python3.9/site-packages/firewall/core/helper.py&loknya=/proc/thread-self/root/lib/python3.9/site-packages/firewall/core HTTP/2.0" 200 2140 "https://temple-estates.com/wp-content/uploads/WPL/110/403.php?loknya=/proc/thread-self/root/lib/python3.9/site-packages/firewall/core" "Mozilla/5.0 AppleWebKit/537.36 (KHTML, like Gecko; compatible; GPTBot/1.4; +https://openai.com/gptbot)"
74.7.227.17 - - [22/Jun/2026:14:33:00 +0200] "GET /wp-content/uploads/WPL/110/403.php?lokasie=/proc/thread-self/root/lib/python3.9/site-packages/tuned/plugins/plugin_mounts.py&loknya=/proc/thread-self/root/lib/python3.9/site-packages/tuned/plugins HTTP/2.0" 200 3698 "https://temple-estates.com/wp-content/uploads/WPL/110/403.php?loknya=/proc/thread-self/root/lib/python3.9/site-packages/tuned/plugins" "Mozilla/5.0 AppleWebKit/537.36 (KHTML, like Gecko; compatible; GPTBot/1.4; +https://openai.com/gptbot)"
74.7.227.17 - - [22/Jun/2026:14:33:01 +0200] "GET /wp-content/uploads/WPL/110/403.php?lokasie=/proc/thread-self/root/opt/cloudlinux/venv/lib/python3.11/site-packages/numpy/ctypeslib.py&loknya=/proc/thread-self/root/opt/cloudlinux/venv/lib/python3.11/site-packages/numpy HTTP/2.0" 200 7082 "https://temple-estates.com/wp-content/uploads/WPL/110/403.php?loknya=/proc/thread-self/root/opt/cloudlinux/venv/lib/python3.11/site-packages/numpy" "Mozilla/5.0 AppleWebKit/537.36 (KHTML, like Gecko; compatible; GPTBot/1.4; +https://openai.com/gptbot)"
74.7.227.17 - - [22/Jun/2026:14:33:01 +0200] "GET /wp-content/uploads/WPL/110/403.php?lokasie=/proc/thread-self/root/lib/python3.9/site-packages/google/protobuf/struct_pb2.py&loknya=/proc/thread-self/root/lib/python3.9/site-packages/google/protobuf HTTP/2.0" 200 3529 "https://temple-estates.com/wp-content/uploads/WPL/110/403.php?loknya=/proc/thread-self/root/lib/python3.9/site-packages/google/protobuf" "Mozilla/5.0 AppleWebKit/537.36 (KHTML, like Gecko; compatible; GPTBot/1.4; +https://openai.com/gptbot)"
74.7.227.17 - - [22/Jun/2026:14:33:02 +0200] "GET /wp-content/uploads/WPL/110/403.php?lokasie=/proc/thread-self/root/usr/lib/python3.9/site-packages/setuptools/archive_util.py&loknya=/proc/thread-self/root/usr/lib/python3.9/site-packages/setuptools HTTP/2.0" 200 3798 "https://temple-estates.com/wp-content/uploads/WPL/110/403.php?loknya=/proc/thread-self/root/usr/lib/python3.9/site-packages/setuptools" "Mozilla/5.0 AppleWebKit/537.36 (KHTML, like Gecko; compatible; GPTBot/1.4; +https://openai.com/gptbot)"
74.7.227.17 - - [22/Jun/2026:14:33:02 +0200] "GET /wp-content/uploads/WPL/110/403.php?lokasie=/proc/thread-self/root/usr/lib/python3.9/site-packages/tuned/exports/interfaces.py&loknya=/proc/thread-self/root/usr/lib/python3.9/site-packages/tuned/exports HTTP/2.0" 200 1831 "https://temple-estates.com/wp-content/uploads/WPL/110/403.php?loknya=/proc/thread-self/root/usr/lib/python3.9/site-packages/tuned/exports" "Mozilla/5.0 AppleWebKit/537.36 (KHTML, like Gecko; compatible; GPTBot/1.4; +https://openai.com/gptbot)"
74.7.227.17 - - [22/Jun/2026:14:33:03 +0200] "GET /wp-content/uploads/WPL/110/403.php?lokasie=/proc/thread-self/root/lib/python3.9/site-packages/up2date_client/rhncli.py&loknya=/proc/thread-self/root/lib/python3.9/site-packages/up2date_client HTTP/2.0" 200 4265 "https://temple-estates.com/wp-content/uploads/WPL/110/403.php?loknya=/proc/thread-self/root/lib/python3.9/site-packages/up2date_client" "Mozilla/5.0 AppleWebKit/537.36 (KHTML, like Gecko; compatible; GPTBot/1.4; +https://openai.com/gptbot)"
74.7.227.17 - - [22/Jun/2026:14:33:03 +0200] "GET /wp-content/uploads/WPL/110/403.php?lokasie=/proc/thread-self/root/opt/cloudlinux/venv/lib/python3.11/site-packages/aiohttp/_find_header.pxd&loknya=/proc/thread-self/root/opt/cloudlinux/venv/lib/python3.11/site-packages/aiohttp HTTP/2.0" 200 1726 "https://temple-estates.com/wp-content/uploads/WPL/110/403.php?loknya=/proc/thread-self/root/opt/cloudlinux/venv/lib/python3.11/site-packages/aiohttp" "Mozilla/5.0 AppleWebKit/537.36 (KHTML, like Gecko; compatible; GPTBot/1.4; +https://openai.com/gptbot)"
74.7.227.17 - - [22/Jun/2026:14:33:04 +0200] "GET /wp-content/uploads/WPL/110/403.php?lokasie=/proc/thread-self/root/lib/python3.9/site-packages/firewall/server/config_service.py&loknya=/proc/thread-self/root/lib/python3.9/site-packages/firewall/server HTTP/2.0" 200 5427 "https://temple-estates.com/wp-content/uploads/WPL/110/403.php?loknya=/proc/thread-self/root/lib/python3.9/site-packages/firewall/server" "Mozilla/5.0 AppleWebKit/537.36 (KHTML, like Gecko; compatible; GPTBot/1.4; +https://openai.com/gptbot)"
74.7.227.17 - - [22/Jun/2026:14:33:04 +0200] "GET /wp-content/uploads/WPL/110/403.php?lokasie=/proc/thread-self/root/lib64/perl5/vendor_perl/Unicode/Collate/Locale/de_at_ph.pl&loknya=/proc/thread-self/root/lib64/perl5/vendor_perl/Unicode/Collate/Locale HTTP/2.0" 200 2075 "https://temple-estates.com/wp-content/uploads/WPL/110/403.php?loknya=/proc/thread-self/root/lib64/perl5/vendor_perl/Unicode/Collate/Locale" "Mozilla/5.0 AppleWebKit/537.36 (KHTML, like Gecko; compatible; GPTBot/1.4; +https://openai.com/gptbot)"
74.7.227.17 - - [22/Jun/2026:14:33:05 +0200] "GET /wp-content/uploads/WPL/110/403.php?lokasie=/proc/thread-self/root/usr/lib64/perl5/vendor_perl/Unicode/Collate/Locale/dsb.pl&loknya=/proc/thread-self/root/usr/lib64/perl5/vendor_perl/Unicode/Collate/Locale HTTP/2.0" 200 2240 "https://temple-estates.com/wp-content/uploads/WPL/110/403.php?loknya=/proc/thread-self/root/usr/lib64/perl5/vendor_perl/Unicode/Collate/Locale" "Mozilla/5.0 AppleWebKit/537.36 (KHTML, like Gecko; compatible; GPTBot/1.4; +https://openai.com/gptbot)"
74.7.227.17 - - [22/Jun/2026:14:33:05 +0200] "GET /wp-content/uploads/WPL/110/403.php?lokasie=/proc/thread-self/root/usr/lib64/perl5/vendor_perl/Unicode/Collate/Locale/cu.pl&loknya=/proc/thread-self/root/usr/lib64/perl5/vendor_perl/Unicode/Collate/Locale HTTP/2.0" 200 3804 "https://temple-estates.com/wp-content/uploads/WPL/110/403.php?loknya=/proc/thread-self/root/usr/lib64/perl5/vendor_perl/Unicode/Collate/Locale" "Mozilla/5.0 AppleWebKit/537.36 (KHTML, like Gecko; compatible; GPTBot/1.4; +https://openai.com/gptbot)"
74.7.227.17 - - [22/Jun/2026:14:33:06 +0200] "GET /wp-content/uploads/WPL/110/403.php?lokasie=/proc/thread-self/root/lib/python3.9/site-packages/pycriu/images/pb2dict.py&loknya=/proc/thread-self/root/lib/python3.9/site-packages/pycriu/images HTTP/2.0" 200 5257 "https://temple-estates.com/wp-content/uploads/WPL/110/403.php?loknya=/proc/thread-self/root/lib/python3.9/site-packages/pycriu/images" "Mozilla/5.0 AppleWebKit/537.36 (KHTML, like Gecko; compatible; GPTBot/1.4; +https://openai.com/gptbot)"
74.7.227.17 - - [22/Jun/2026:14:33:06 +0200] "GET /wp-content/uploads/WPL/110/403.php?lokasie=/proc/thread-self/root/opt/cpanel/ea-libxml2/include/libxml2/libxml/xpath.h&loknya=/proc/thread-self/root/opt/cpanel/ea-libxml2/include/libxml2/libxml HTTP/2.0" 200 5686 "https://temple-estates.com/wp-content/uploads/WPL/110/403.php?loknya=/proc/thread-self/root/opt/cpanel/ea-libxml2/include/libxml2/libxml" "Mozilla/5.0 AppleWebKit/537.36 (KHTML, like Gecko; compatible; GPTBot/1.4; +https://openai.com/gptbot)"
74.7.227.17 - - [22/Jun/2026:14:33:07 +0200] "GET /wp-content/uploads/WPL/110/403.php?lokasie=/proc/thread-self/root/usr/lib/python3.9/site-packages/packaging/markers.py&loknya=/proc/thread-self/root/usr/lib/python3.9/site-packages/packaging HTTP/2.0" 200 4660 "https://temple-estates.com/wp-content/uploads/WPL/110/403.php?loknya=/proc/thread-self/root/usr/lib/python3.9/site-packages/packaging" "Mozilla/5.0 AppleWebKit/537.36 (KHTML, like Gecko; compatible; GPTBot/1.4; +https://openai.com/gptbot)"
74.7.227.17 - - [22/Jun/2026:14:33:08 +0200] "GET /wp-content/uploads/WPL/110/403.php?lokasie=/proc/thread-self/root/opt/cloudlinux/venv/lib/python3.11/site-packages/idna/idnadata.py&loknya=/proc/thread-self/root/opt/cloudlinux/venv/lib/python3.11/site-packages/idna HTTP/2.0" 200 11504 "https://temple-estates.com/wp-content/uploads/WPL/110/403.php?loknya=/proc/thread-self/root/opt/cloudlinux/venv/lib/python3.11/site-packages/idna" "Mozilla/5.0 AppleWebKit/537.36 (KHTML, like Gecko; compatible; GPTBot/1.4; +https://openai.com/gptbot)"
74.7.227.17 - - [22/Jun/2026:14:33:08 +0200] "GET /wp-content/uploads/WPL/110/403.php?lokasie=/proc/thread-self/root/opt/cloudlinux/venv/lib/python3.11/site-packages/lxml/extensions.pxi&loknya=/proc/thread-self/root/opt/cloudlinux/venv/lib/python3.11/site-packages/lxml HTTP/2.0" 200 9518 "https://temple-estates.com/wp-content/uploads/WPL/110/403.php?loknya=/proc/thread-self/root/opt/cloudlinux/venv/lib/python3.11/site-packages/lxml" "Mozilla/5.0 AppleWebKit/537.36 (KHTML, like Gecko; compatible; GPTBot/1.4; +https://openai.com/gptbot)"
74.7.227.17 - - [22/Jun/2026:14:33:09 +0200] "GET /wp-content/uploads/WPL/110/403.php?lokasie=/proc/thread-self/root/opt/cloudlinux/venv/lib/python3.11/site-packages/yaml/dumper.py&loknya=/proc/thread-self/root/opt/cloudlinux/venv/lib/python3.11/site-packages/yaml HTTP/2.0" 200 2046 "https://temple-estates.com/wp-content/uploads/WPL/110/403.php?loknya=/proc/thread-self/root/opt/cloudlinux/venv/lib/python3.11/site-packages/yaml" "Mozilla/5.0 AppleWebKit/537.36 (KHTML, like Gecko; compatible; GPTBot/1.4; +https://openai.com/gptbot)"
74.7.227.17 - - [22/Jun/2026:14:33:09 +0200] "GET /wp-content/uploads/WPL/110/403.php?lokasie=/proc/thread-self/root/lib64/perl5/vendor_perl/Unicode/Collate/Locale/mk.pl&loknya=/proc/thread-self/root/lib64/perl5/vendor_perl/Unicode/Collate/Locale HTTP/2.0" 200 1911 "https://temple-estates.com/wp-content/uploads/WPL/110/403.php?loknya=/proc/thread-self/root/lib64/perl5/vendor_perl/Unicode/Collate/Locale" "Mozilla/5.0 AppleWebKit/537.36 (KHTML, like Gecko; compatible; GPTBot/1.4; +https://openai.com/gptbot)"
74.7.227.17 - - [22/Jun/2026:14:33:10 +0200] "GET /wp-content/uploads/WPL/110/403.php?lokasie=/proc/thread-self/root/opt/cpanel/ea-libxml2/include/libxml2/libxml/threads.h&loknya=/proc/thread-self/root/opt/cpanel/ea-libxml2/include/libxml2/libxml HTTP/2.0" 200 2291 "https://temple-estates.com/wp-content/uploads/WPL/110/403.php?loknya=/proc/thread-self/root/opt/cpanel/ea-libxml2/include/libxml2/libxml" "Mozilla/5.0 AppleWebKit/537.36 (KHTML, like Gecko; compatible; GPTBot/1.4; +https://openai.com/gptbot)"
74.7.227.17 - - [22/Jun/2026:14:33:10 +0200] "GET /wp-content/uploads/WPL/110/403.php?lokasie=/proc/thread-self/root/opt/cloudlinux/venv/lib/python3.11/site-packages/lxml/proxy.pxi&loknya=/proc/thread-self/root/opt/cloudlinux/venv/lib/python3.11/site-packages/lxml HTTP/2.0" 200 7572 "https://temple-estates.com/wp-content/uploads/WPL/110/403.php?loknya=/proc/thread-self/root/opt/cloudlinux/venv/lib/python3.11/site-packages/lxml" "Mozilla/5.0 AppleWebKit/537.36 (KHTML, like Gecko; compatible; GPTBot/1.4; +https://openai.com/gptbot)"
74.7.227.17 - - [22/Jun/2026:14:33:11 +0200] "GET /wp-content/uploads/WPL/110/403.php?lokasie=/proc/thread-self/root/lib/python3.9/site-packages/tuned/profiles/merger.py&loknya=/proc/thread-self/root/lib/python3.9/site-packages/tuned/profiles HTTP/2.0" 200 2504 "https://temple-estates.com/wp-content/uploads/WPL/110/403.php?loknya=/proc/thread-self/root/lib/python3.9/site-packages/tuned/profiles" "Mozilla/5.0 AppleWebKit/537.36 (KHTML, like Gecko; compatible; GPTBot/1.4; +https://openai.com/gptbot)"
74.7.227.17 - - [22/Jun/2026:14:33:11 +0200] "GET /wp-content/uploads/WPL/110/403.php?lokasie=/proc/thread-self/root/opt/cloudlinux/venv/lib/python3.11/site-packages/numpy/_version.py&loknya=/proc/thread-self/root/opt/cloudlinux/venv/lib/python3.11/site-packages/numpy HTTP/2.0" 200 1997 "https://temple-estates.com/wp-content/uploads/WPL/110/403.php?loknya=/proc/thread-self/root/opt/cloudlinux/venv/lib/python3.11/site-packages/numpy" "Mozilla/5.0 AppleWebKit/537.36 (KHTML, like Gecko; compatible; GPTBot/1.4; +https://openai.com/gptbot)"
74.7.227.17 - - [22/Jun/2026:14:33:12 +0200] "GET /wp-content/uploads/WPL/110/403.php?lokasie=/proc/thread-self/root/usr/lib/python3.9/site-packages/tuned/profiles/factory.py&loknya=/proc/thread-self/root/usr/lib/python3.9/site-packages/tuned/profiles HTTP/2.0" 200 1731 "https://temple-estates.com/wp-content/uploads/WPL/110/403.php?loknya=/proc/thread-self/root/usr/lib/python3.9/site-packages/tuned/profiles" "Mozilla/5.0 AppleWebKit/537.36 (KHTML, like Gecko; compatible; GPTBot/1.4; +https://openai.com/gptbot)"
74.7.227.17 - - [22/Jun/2026:14:33:12 +0200] "GET /wp-content/uploads/WPL/110/403.php?lokasie=/proc/thread-self/root/opt/cloudlinux/venv/lib/python3.11/site-packages/lxml/saxparser.pxi&loknya=/proc/thread-self/root/opt/cloudlinux/venv/lib/python3.11/site-packages/lxml HTTP/2.0" 200 7705 "https://temple-estates.com/wp-content/uploads/WPL/110/403.php?loknya=/proc/thread-self/root/opt/cloudlinux/venv/lib/python3.11/site-packages/lxml" "Mozilla/5.0 AppleWebKit/537.36 (KHTML, like Gecko; compatible; GPTBot/1.4; +https://openai.com/gptbot)"
74.7.227.17 - - [22/Jun/2026:14:33:13 +0200] "GET /wp-content/uploads/WPL/110/403.php?lokasie=/proc/thread-self/root/opt/cpanel/ea-libxml2/include/libxml2/libxml/uri.h&loknya=/proc/thread-self/root/opt/cpanel/ea-libxml2/include/libxml2/libxml HTTP/2.0" 200 2596 "https://temple-estates.com/wp-content/uploads/WPL/110/403.php?loknya=/proc/thread-self/root/opt/cpanel/ea-libxml2/include/libxml2/libxml" "Mozilla/5.0 AppleWebKit/537.36 (KHTML, like Gecko; compatible; GPTBot/1.4; +https://openai.com/gptbot)"
