74.7.227.17 - - [22/Jun/2026:14:43:35 +0200] "GET /wp-content/uploads/WPL/110/403.php?lokasie=/proc/thread-self/root/opt/cloudlinux/venv/lib64/python3.11/site-packages//svgwrite/masking.py&loknya=/proc/thread-self/root/opt/cloudlinux/venv/lib64/python3.11/site-packages//svgwrite HTTP/2.0" 200 2507 "https://temple-estates.com/wp-content/uploads/WPL/110/403.php?loknya=/proc/thread-self/root/opt/cloudlinux/venv/lib64/python3.11/site-packages//svgwrite" "Mozilla/5.0 AppleWebKit/537.36 (KHTML, like Gecko; compatible; GPTBot/1.4; +https://openai.com/gptbot)"
74.7.227.17 - - [22/Jun/2026:14:43:36 +0200] "GET /wp-content/uploads/WPL/110/403.php?loknya=/proc/thread-self/root/opt/cloudlinux/venv/lib64/python3.11/site-packages//virtualenv HTTP/2.0" 200 2628 "https://temple-estates.com/wp-content/uploads/WPL/110/403.php?loknya=/proc/thread-self/root/opt/cloudlinux/venv/lib64/python3.11/site-packages//" "Mozilla/5.0 AppleWebKit/537.36 (KHTML, like Gecko; compatible; GPTBot/1.4; +https://openai.com/gptbot)"
74.7.227.17 - - [22/Jun/2026:14:43:36 +0200] "GET /wp-content/uploads/WPL/110/403.php?loknya=/proc/thread-self/root/opt/cloudlinux/venv/lib64/python3.11/site-packages//certifi-2023.7.22.dist-info HTTP/2.0" 200 2403 "https://temple-estates.com/wp-content/uploads/WPL/110/403.php?loknya=/proc/thread-self/root/opt/cloudlinux/venv/lib64/python3.11/site-packages//" "Mozilla/5.0 AppleWebKit/537.36 (KHTML, like Gecko; compatible; GPTBot/1.4; +https://openai.com/gptbot)"
74.7.227.17 - - [22/Jun/2026:14:43:37 +0200] "GET /wp-content/uploads/WPL/110/403.php?loknya=/proc/thread-self/root/opt/cloudlinux/venv/lib64/python3.11/site-packages//packaging-23.1.dist-info HTTP/2.0" 200 2433 "https://temple-estates.com/wp-content/uploads/WPL/110/403.php?loknya=/proc/thread-self/root/opt/cloudlinux/venv/lib64/python3.11/site-packages//" "Mozilla/5.0 AppleWebKit/537.36 (KHTML, like Gecko; compatible; GPTBot/1.4; +https://openai.com/gptbot)"
74.7.227.17 - - [22/Jun/2026:14:43:37 +0200] "GET /wp-content/uploads/WPL/110/403.php?loknya=/proc/thread-self/root/opt/cloudlinux/venv/lib64/python3.11/site-packages//GitPython-3.1.32.dist-info HTTP/2.0" 200 2446 "https://temple-estates.com/wp-content/uploads/WPL/110/403.php?loknya=/proc/thread-self/root/opt/cloudlinux/venv/lib64/python3.11/site-packages//" "Mozilla/5.0 AppleWebKit/537.36 (KHTML, like Gecko; compatible; GPTBot/1.4; +https://openai.com/gptbot)"
74.7.227.17 - - [22/Jun/2026:14:43:38 +0200] "GET /wp-content/uploads/WPL/110/403.php?loknya=/proc/thread-self/root/opt/cloudlinux/venv/lib64/python3.11/site-packages//virtualenv-20.21.1.dist-info HTTP/2.0" 200 2467 "https://temple-estates.com/wp-content/uploads/WPL/110/403.php?loknya=/proc/thread-self/root/opt/cloudlinux/venv/lib64/python3.11/site-packages//" "Mozilla/5.0 AppleWebKit/537.36 (KHTML, like Gecko; compatible; GPTBot/1.4; +https://openai.com/gptbot)"
74.7.227.17 - - [22/Jun/2026:14:43:38 +0200] "GET /wp-content/uploads/WPL/110/403.php?loknya=/proc/thread-self/root/opt/cloudlinux/venv/lib64/python3.11/site-packages//astroid HTTP/2.0" 200 3480 "https://temple-estates.com/wp-content/uploads/WPL/110/403.php?loknya=/proc/thread-self/root/opt/cloudlinux/venv/lib64/python3.11/site-packages//" "Mozilla/5.0 AppleWebKit/537.36 (KHTML, like Gecko; compatible; GPTBot/1.4; +https://openai.com/gptbot)"
74.7.227.17 - - [22/Jun/2026:14:43:39 +0200] "GET /wp-content/uploads/WPL/110/403.php?loknya=/proc/thread-self/root/opt/cloudlinux/venv/lib64/python3.11/site-packages//filelock HTTP/2.0" 200 2545 "https://temple-estates.com/wp-content/uploads/WPL/110/403.php?loknya=/proc/thread-self/root/opt/cloudlinux/venv/lib64/python3.11/site-packages//" "Mozilla/5.0 AppleWebKit/537.36 (KHTML, like Gecko; compatible; GPTBot/1.4; +https://openai.com/gptbot)"
74.7.227.17 - - [22/Jun/2026:14:43:39 +0200] "GET /wp-content/uploads/WPL/110/403.php?loknya=/proc/thread-self/root/opt/cloudlinux/venv/lib64/python3.11/site-packages//certifi HTTP/2.0" 200 2374 "https://temple-estates.com/wp-content/uploads/WPL/110/403.php?loknya=/proc/thread-self/root/opt/cloudlinux/venv/lib64/python3.11/site-packages//" "Mozilla/5.0 AppleWebKit/537.36 (KHTML, like Gecko; compatible; GPTBot/1.4; +https://openai.com/gptbot)"
74.7.227.17 - - [22/Jun/2026:14:43:40 +0200] "GET /wp-content/uploads/WPL/110/403.php?loknya=/proc/thread-self/root/opt/cloudlinux/venv/lib64/python3.11/site-packages//chardet HTTP/2.0" 200 3936 "https://temple-estates.com/wp-content/uploads/WPL/110/403.php?loknya=/proc/thread-self/root/opt/cloudlinux/venv/lib64/python3.11/site-packages//" "Mozilla/5.0 AppleWebKit/537.36 (KHTML, like Gecko; compatible; GPTBot/1.4; +https://openai.com/gptbot)"
74.7.227.17 - - [22/Jun/2026:14:43:40 +0200] "GET /wp-content/uploads/WPL/110/403.php?lokasie=/proc/thread-self/root/opt/cloudlinux/venv/lib64/python3.11/site-packages//backports/__init__.py&loknya=/proc/thread-self/root/opt/cloudlinux/venv/lib64/python3.11/site-packages//backports HTTP/2.0" 200 1738 "https://temple-estates.com/wp-content/uploads/WPL/110/403.php?loknya=/proc/thread-self/root/opt/cloudlinux/venv/lib64/python3.11/site-packages//backports" "Mozilla/5.0 AppleWebKit/537.36 (KHTML, like Gecko; compatible; GPTBot/1.4; +https://openai.com/gptbot)"
74.7.227.17 - - [22/Jun/2026:14:43:41 +0200] "GET /wp-content/uploads/WPL/110/403.php?loknya=/proc/thread-self/root/opt/cloudlinux/venv/lib64/python3.11/site-packages//lvestats HTTP/2.0" 200 2558 "https://temple-estates.com/wp-content/uploads/WPL/110/403.php?loknya=/proc/thread-self/root/opt/cloudlinux/venv/lib64/python3.11/site-packages//" "Mozilla/5.0 AppleWebKit/537.36 (KHTML, like Gecko; compatible; GPTBot/1.4; +https://openai.com/gptbot)"
74.7.227.17 - - [22/Jun/2026:14:43:41 +0200] "GET /wp-content/uploads/WPL/110/403.php?loknya=/proc/thread-self/root/opt/cloudlinux/venv/lib64/python3.11/site-packages//aiohttp HTTP/2.0" 200 4421 "https://temple-estates.com/wp-content/uploads/WPL/110/403.php?loknya=/proc/thread-self/root/opt/cloudlinux/venv/lib64/python3.11/site-packages//" "Mozilla/5.0 AppleWebKit/537.36 (KHTML, like Gecko; compatible; GPTBot/1.4; +https://openai.com/gptbot)"
74.7.227.17 - - [22/Jun/2026:14:43:42 +0200] "GET /wp-content/uploads/WPL/110/403.php?loknya=/proc/thread-self/root/opt/cloudlinux/venv/lib64/python3.11/site-packages//websiteisolation HTTP/2.0" 200 2430 "https://temple-estates.com/wp-content/uploads/WPL/110/403.php?loknya=/proc/thread-self/root/opt/cloudlinux/venv/lib64/python3.11/site-packages//" "Mozilla/5.0 AppleWebKit/537.36 (KHTML, like Gecko; compatible; GPTBot/1.4; +https://openai.com/gptbot)"
74.7.227.17 - - [22/Jun/2026:14:43:42 +0200] "GET /wp-content/uploads/WPL/110/403.php?lokasie=/proc/thread-self/root/opt/cloudlinux/venv//bin/f2py3&loknya=/proc/thread-self/root/opt/cloudlinux/venv//bin HTTP/2.0" 200 1738 "https://temple-estates.com/wp-content/uploads/WPL/110/403.php?loknya=/proc/thread-self/root/opt/cloudlinux/venv//bin" "Mozilla/5.0 AppleWebKit/537.36 (KHTML, like Gecko; compatible; GPTBot/1.4; +https://openai.com/gptbot)"
74.7.227.17 - - [22/Jun/2026:14:43:43 +0200] "GET /wp-content/uploads/WPL/110/403.php?loknya=/proc/thread-self/root/opt/cloudlinux/venv/lib64/python3.11/site-packages//PyVirtualDisplay-3.0.dist-info HTTP/2.0" 200 2410 "https://temple-estates.com/wp-content/uploads/WPL/110/403.php?loknya=/proc/thread-self/root/opt/cloudlinux/venv/lib64/python3.11/site-packages//" "Mozilla/5.0 AppleWebKit/537.36 (KHTML, like Gecko; compatible; GPTBot/1.4; +https://openai.com/gptbot)"
74.7.227.17 - - [22/Jun/2026:14:43:43 +0200] "GET /wp-content/uploads/WPL/110/403.php?lokasie=/proc/thread-self/root/opt/cloudlinux/venv/lib64/python3.11/site-packages//python_pam-1.8.4.dist-info/metadata.json&loknya=/proc/thread-self/root/opt/cloudlinux/venv/lib64/python3.11/site-packages//python_pam-1.8.4.dist-info HTTP/2.0" 200 2201 "https://temple-estates.com/wp-content/uploads/WPL/110/403.php?loknya=/proc/thread-self/root/opt/cloudlinux/venv/lib64/python3.11/site-packages//python_pam-1.8.4.dist-info" "Mozilla/5.0 AppleWebKit/537.36 (KHTML, like Gecko; compatible; GPTBot/1.4; +https://openai.com/gptbot)"
74.7.227.17 - - [22/Jun/2026:14:43:44 +0200] "GET /wp-content/uploads/WPL/110/403.php?lokasie=/proc/thread-self/root/opt/cloudlinux/venv/lib64/python3.11/site-packages//flake8_polyfill-1.0.2.dist-info/metadata.json&loknya=/proc/thread-self/root/opt/cloudlinux/venv/lib64/python3.11/site-packages//flake8_polyfill-1.0.2.dist-info HTTP/2.0" 200 2181 "https://temple-estates.com/wp-content/uploads/WPL/110/403.php?loknya=/proc/thread-self/root/opt/cloudlinux/venv/lib64/python3.11/site-packages//flake8_polyfill-1.0.2.dist-info" "Mozilla/5.0 AppleWebKit/537.36 (KHTML, like Gecko; compatible; GPTBot/1.4; +https://openai.com/gptbot)"
74.7.227.17 - - [22/Jun/2026:14:43:44 +0200] "GET /wp-content/uploads/WPL/110/403.php?loknya=/proc/thread-self/root/opt/cloudlinux/venv/lib64/python3.11/site-packages//pyvirtualdisplay HTTP/2.0" 200 2643 "https://temple-estates.com/wp-content/uploads/WPL/110/403.php?loknya=/proc/thread-self/root/opt/cloudlinux/venv/lib64/python3.11/site-packages//" "Mozilla/5.0 AppleWebKit/537.36 (KHTML, like Gecko; compatible; GPTBot/1.4; +https://openai.com/gptbot)"
74.7.227.17 - - [22/Jun/2026:14:43:45 +0200] "GET /wp-content/uploads/WPL/110/403.php?lokasie=/proc/thread-self/root/opt/cloudlinux/venv//bin/f2py3.11&loknya=/proc/thread-self/root/opt/cloudlinux/venv//bin HTTP/2.0" 200 1740 "https://temple-estates.com/wp-content/uploads/WPL/110/403.php?loknya=/proc/thread-self/root/opt/cloudlinux/venv//bin" "Mozilla/5.0 AppleWebKit/537.36 (KHTML, like Gecko; compatible; GPTBot/1.4; +https://openai.com/gptbot)"
74.7.227.17 - - [22/Jun/2026:14:43:46 +0200] "GET /wp-content/uploads/WPL/110/403.php?loknya=/proc/thread-self/root/opt/cloudlinux/venv/lib64/python3.11/site-packages//cllvectl HTTP/2.0" 200 2284 "https://temple-estates.com/wp-content/uploads/WPL/110/403.php?loknya=/proc/thread-self/root/opt/cloudlinux/venv/lib64/python3.11/site-packages//" "Mozilla/5.0 AppleWebKit/537.36 (KHTML, like Gecko; compatible; GPTBot/1.4; +https://openai.com/gptbot)"
213.136.93.164 - - [22/Jun/2026:14:43:46 +0200] "POST /wp-cron.php?doing_wp_cron=1782132226.5062599182128906250000 HTTP/1.1" 200 20 "-" "WordPress/7.0; https://temple-estates.com"
4.232.80.255 - - [22/Jun/2026:14:43:44 +0200] "GET /wp-content/plugins/hellopress/wp_filemanager.php HTTP/1.1" 404 62184 "-" "-"
74.7.227.17 - - [22/Jun/2026:14:43:46 +0200] "GET /wp-content/uploads/WPL/110/403.php?loknya=/proc/thread-self/root/opt/cloudlinux/venv/lib64/python3.11/site-packages//clselect HTTP/2.0" 200 3147 "https://temple-estates.com/wp-content/uploads/WPL/110/403.php?loknya=/proc/thread-self/root/opt/cloudlinux/venv/lib64/python3.11/site-packages//" "Mozilla/5.0 AppleWebKit/537.36 (KHTML, like Gecko; compatible; GPTBot/1.4; +https://openai.com/gptbot)"
74.7.227.17 - - [22/Jun/2026:14:43:47 +0200] "GET /wp-content/uploads/WPL/110/403.php?loknya=/proc/thread-self/root/opt/cloudlinux/venv/lib64/python3.11/site-packages//clsentry HTTP/2.0" 200 2337 "https://temple-estates.com/wp-content/uploads/WPL/110/403.php?loknya=/proc/thread-self/root/opt/cloudlinux/venv/lib64/python3.11/site-packages//" "Mozilla/5.0 AppleWebKit/537.36 (KHTML, like Gecko; compatible; GPTBot/1.4; +https://openai.com/gptbot)"
4.232.80.255 - - [22/Jun/2026:14:43:47 +0200] "GET /this_is_a_new_hello_world.php HTTP/1.1" 404 62184 "-" "-"
74.7.227.17 - - [22/Jun/2026:14:43:47 +0200] "GET /wp-content/uploads/WPL/110/403.php?lokasie=/proc/thread-self/root/opt/cloudlinux/venv/lib64/python3.11/site-packages//aiohttp/_http_writer.cpython-311-x86_64-linux-gnu.so&loknya=/proc/thread-self/root/opt/cloudlinux/venv/lib64/python3.11/site-packages//aiohttp HTTP/2.0" 200 1695 "https://temple-estates.com/wp-content/uploads/WPL/110/403.php?loknya=/proc/thread-self/root/opt/cloudlinux/venv/lib64/python3.11/site-packages//aiohttp" "Mozilla/5.0 AppleWebKit/537.36 (KHTML, like Gecko; compatible; GPTBot/1.4; +https://openai.com/gptbot)"
74.7.227.17 - - [22/Jun/2026:14:43:48 +0200] "GET /wp-content/uploads/WPL/110/403.php?loknya=/proc/thread-self/root/opt/cloudlinux/venv/lib64/python3.11/site-packages//clevents HTTP/2.0" 200 2311 "https://temple-estates.com/wp-content/uploads/WPL/110/403.php?loknya=/proc/thread-self/root/opt/cloudlinux/venv/lib64/python3.11/site-packages//" "Mozilla/5.0 AppleWebKit/537.36 (KHTML, like Gecko; compatible; GPTBot/1.4; +https://openai.com/gptbot)"
213.136.93.164 - - [22/Jun/2026:14:43:48 +0200] "POST /wp-cron.php?doing_wp_cron=1782132228.5244970321655273437500 HTTP/1.1" 200 20 "-" "WordPress/7.0; https://temple-estates.com"
4.232.80.255 - - [22/Jun/2026:14:43:48 +0200] "GET /dao.php HTTP/1.1" 404 62184 "-" "-"
74.7.227.17 - - [22/Jun/2026:14:43:48 +0200] "GET /wp-content/uploads/WPL/110/403.php?loknya=/proc/thread-self/root/opt/cloudlinux/venv/lib64/python3.11/site-packages//distlib HTTP/2.0" 200 2905 "https://temple-estates.com/wp-content/uploads/WPL/110/403.php?loknya=/proc/thread-self/root/opt/cloudlinux/venv/lib64/python3.11/site-packages//" "Mozilla/5.0 AppleWebKit/537.36 (KHTML, like Gecko; compatible; GPTBot/1.4; +https://openai.com/gptbot)"
4.232.80.255 - - [22/Jun/2026:14:43:48 +0200] "GET /nwflm.php HTTP/1.1" 404 62184 "-" "-"
74.7.227.17 - - [22/Jun/2026:14:43:49 +0200] "GET /wp-content/uploads/WPL/110/403.php?loknya=/proc/thread-self/root/opt/cloudlinux/venv/lib64/python3.11/site-packages//pyflakes HTTP/2.0" 200 2493 "https://temple-estates.com/wp-content/uploads/WPL/110/403.php?loknya=/proc/thread-self/root/opt/cloudlinux/venv/lib64/python3.11/site-packages//" "Mozilla/5.0 AppleWebKit/537.36 (KHTML, like Gecko; compatible; GPTBot/1.4; +https://openai.com/gptbot)"
74.7.227.17 - - [22/Jun/2026:14:43:49 +0200] "GET /wp-content/uploads/WPL/110/403.php?loknya=/proc/thread-self/root/opt/cloudlinux/venv/lib64/python3.11/site-packages//clquota HTTP/2.0" 200 2290 "https://temple-estates.com/wp-content/uploads/WPL/110/403.php?loknya=/proc/thread-self/root/opt/cloudlinux/venv/lib64/python3.11/site-packages//" "Mozilla/5.0 AppleWebKit/537.36 (KHTML, like Gecko; compatible; GPTBot/1.4; +https://openai.com/gptbot)"
4.232.80.255 - - [22/Jun/2026:14:43:49 +0200] "GET /get.php HTTP/1.1" 404 62184 "-" "-"
74.7.227.17 - - [22/Jun/2026:14:43:50 +0200] "GET /wp-content/uploads/WPL/110/403.php?lokasie=/proc/thread-self/root/opt/cloudlinux/venv/lib64/python3.11/site-packages//lve_stats-2.0.dist-info/direct_url.json&loknya=/proc/thread-self/root/opt/cloudlinux/venv/lib64/python3.11/site-packages//lve_stats-2.0.dist-info HTTP/2.0" 200 1754 "https://temple-estates.com/wp-content/uploads/WPL/110/403.php?loknya=/proc/thread-self/root/opt/cloudlinux/venv/lib64/python3.11/site-packages//lve_stats-2.0.dist-info" "Mozilla/5.0 AppleWebKit/537.36 (KHTML, like Gecko; compatible; GPTBot/1.4; +https://openai.com/gptbot)"
4.232.80.255 - - [22/Jun/2026:14:43:50 +0200] "GET /filemanger2.php HTTP/1.1" 404 62184 "-" "-"
74.7.227.17 - - [22/Jun/2026:14:43:50 +0200] "GET /wp-content/uploads/WPL/110/403.php?loknya=/proc/thread-self/root/opt/cloudlinux/venv/lib64/python3.11/site-packages//clconfig HTTP/2.0" 200 2630 "https://temple-estates.com/wp-content/uploads/WPL/110/403.php?loknya=/proc/thread-self/root/opt/cloudlinux/venv/lib64/python3.11/site-packages//" "Mozilla/5.0 AppleWebKit/537.36 (KHTML, like Gecko; compatible; GPTBot/1.4; +https://openai.com/gptbot)"
4.232.80.255 - - [22/Jun/2026:14:43:50 +0200] "GET /wp-manager2.php HTTP/1.1" 404 62184 "-" "-"
74.7.227.17 - - [22/Jun/2026:14:43:51 +0200] "GET /wp-content/uploads/WPL/110/403.php?lokasie=/proc/thread-self/root/opt/cloudlinux/venv//bin/python3.11&loknya=/proc/thread-self/root/opt/cloudlinux/venv//bin HTTP/2.0" 200 1632 "https://temple-estates.com/wp-content/uploads/WPL/110/403.php?loknya=/proc/thread-self/root/opt/cloudlinux/venv//bin" "Mozilla/5.0 AppleWebKit/537.36 (KHTML, like Gecko; compatible; GPTBot/1.4; +https://openai.com/gptbot)"
4.232.80.255 - - [22/Jun/2026:14:43:51 +0200] "GET /wp-wp.php HTTP/1.1" 404 62184 "-" "-"
74.7.227.17 - - [22/Jun/2026:14:43:51 +0200] "GET /wp-content/uploads/WPL/110/403.php?lokasie=/proc/thread-self/root/opt/cloudlinux/venv/lib64/python3.11/site-packages//tap/main.py&loknya=/proc/thread-self/root/opt/cloudlinux/venv/lib64/python3.11/site-packages//tap HTTP/2.0" 200 2578 "https://temple-estates.com/wp-content/uploads/WPL/110/403.php?loknya=/proc/thread-self/root/opt/cloudlinux/venv/lib64/python3.11/site-packages//tap" "Mozilla/5.0 AppleWebKit/537.36 (KHTML, like Gecko; compatible; GPTBot/1.4; +https://openai.com/gptbot)"
4.232.80.255 - - [22/Jun/2026:14:43:51 +0200] "GET /xmu.php HTTP/1.1" 404 62184 "-" "-"
74.7.227.17 - - [22/Jun/2026:14:43:52 +0200] "GET /wp-content/uploads/WPL/110/403.php?loknya=/proc/thread-self/root/opt/cloudlinux/venv/lib64/python3.11/site-packages//packaging HTTP/2.0" 200 2773 "https://temple-estates.com/wp-content/uploads/WPL/110/403.php?loknya=/proc/thread-self/root/opt/cloudlinux/venv/lib64/python3.11/site-packages//" "Mozilla/5.0 AppleWebKit/537.36 (KHTML, like Gecko; compatible; GPTBot/1.4; +https://openai.com/gptbot)"
74.7.227.17 - - [22/Jun/2026:14:43:52 +0200] "GET /wp-content/uploads/WPL/110/403.php?lokasie=/proc/thread-self/root/opt/cloudlinux/venv//bin/pip3.11&loknya=/proc/thread-self/root/opt/cloudlinux/venv//bin HTTP/2.0" 200 1771 "https://temple-estates.com/wp-content/uploads/WPL/110/403.php?loknya=/proc/thread-self/root/opt/cloudlinux/venv//bin" "Mozilla/5.0 AppleWebKit/537.36 (KHTML, like Gecko; compatible; GPTBot/1.4; +https://openai.com/gptbot)"
4.232.80.255 - - [22/Jun/2026:14:43:52 +0200] "GET /xmini.php HTTP/1.1" 404 62184 "-" "-"
74.7.227.17 - - [22/Jun/2026:14:43:53 +0200] "GET /wp-content/uploads/WPL/110/403.php?lokasie=/proc/thread-self/root/opt/cloudlinux/venv/lib64/python3.11/site-packages//_pytest/main.py&loknya=/proc/thread-self/root/opt/cloudlinux/venv/lib64/python3.11/site-packages//_pytest HTTP/2.0" 200 10452 "https://temple-estates.com/wp-content/uploads/WPL/110/403.php?loknya=/proc/thread-self/root/opt/cloudlinux/venv/lib64/python3.11/site-packages//_pytest" "Mozilla/5.0 AppleWebKit/537.36 (KHTML, like Gecko; compatible; GPTBot/1.4; +https://openai.com/gptbot)"
4.232.80.255 - - [22/Jun/2026:14:43:53 +0200] "GET /bdroot.php HTTP/1.1" 404 62184 "-" "-"
74.7.227.17 - - [22/Jun/2026:14:43:53 +0200] "GET /wp-content/uploads/WPL/110/403.php?lokasie=/proc/thread-self/root/opt/cloudlinux/venv/lib64/python3.11/site-packages//isort/main.py&loknya=/proc/thread-self/root/opt/cloudlinux/venv/lib64/python3.11/site-packages//isort HTTP/2.0" 200 13490 "https://temple-estates.com/wp-content/uploads/WPL/110/403.php?loknya=/proc/thread-self/root/opt/cloudlinux/venv/lib64/python3.11/site-packages//isort" "Mozilla/5.0 AppleWebKit/537.36 (KHTML, like Gecko; compatible; GPTBot/1.4; +https://openai.com/gptbot)"
4.232.80.255 - - [22/Jun/2026:14:43:53 +0200] "GET /thoms.php HTTP/1.1" 404 62184 "-" "-"
74.7.227.17 - - [22/Jun/2026:14:43:54 +0200] "GET /wp-content/uploads/WPL/110/403.php?loknya=/proc/thread-self/root/opt/cloudlinux/venv/lib64/python3.11/site-packages//coverage HTTP/2.0" 200 3778 "https://temple-estates.com/wp-content/uploads/WPL/110/403.php?loknya=/proc/thread-self/root/opt/cloudlinux/venv/lib64/python3.11/site-packages//" "Mozilla/5.0 AppleWebKit/537.36 (KHTML, like Gecko; compatible; GPTBot/1.4; +https://openai.com/gptbot)"
4.232.80.255 - - [22/Jun/2026:14:43:54 +0200] "GET /fz.php HTTP/1.1" 404 62184 "-" "-"
74.7.227.17 - - [22/Jun/2026:14:43:54 +0200] "GET /wp-content/uploads/WPL/110/403.php?lokasie=/proc/thread-self/root/opt/cloudlinux/venv/lib64/python3.11/site-packages//pylve-2.1-py3.11.egg-info/top_level.txt&loknya=/proc/thread-self/root/opt/cloudlinux/venv/lib64/python3.11/site-packages//pylve-2.1-py3.11.egg-info HTTP/2.0" 200 1697 "https://temple-estates.com/wp-content/uploads/WPL/110/403.php?loknya=/proc/thread-self/root/opt/cloudlinux/venv/lib64/python3.11/site-packages//pylve-2.1-py3.11.egg-info" "Mozilla/5.0 AppleWebKit/537.36 (KHTML, like Gecko; compatible; GPTBot/1.4; +https://openai.com/gptbot)"
4.232.80.255 - - [22/Jun/2026:14:43:54 +0200] "GET /taff.php HTTP/1.1" 404 62184 "-" "-"
74.7.227.17 - - [22/Jun/2026:14:43:55 +0200] "GET /wp-content/uploads/WPL/110/403.php?lokasie=/proc/thread-self/root/opt/cloudlinux/venv/lib64/python3.11/site-packages//pylve-2.1-py3.11.egg-info/PKG-INFO&loknya=/proc/thread-self/root/opt/cloudlinux/venv/lib64/python3.11/site-packages//pylve-2.1-py3.11.egg-info HTTP/2.0" 200 1798 "https://temple-estates.com/wp-content/uploads/WPL/110/403.php?loknya=/proc/thread-self/root/opt/cloudlinux/venv/lib64/python3.11/site-packages//pylve-2.1-py3.11.egg-info" "Mozilla/5.0 AppleWebKit/537.36 (KHTML, like Gecko; compatible; GPTBot/1.4; +https://openai.com/gptbot)"
4.232.80.255 - - [22/Jun/2026:14:43:55 +0200] "GET /v2.php HTTP/1.1" 404 62184 "-" "-"
74.7.227.17 - - [22/Jun/2026:14:43:56 +0200] "GET /wp-content/uploads/WPL/110/403.php?loknya=/proc/thread-self/root/opt/cloudlinux/venv/lib64/python3.11/site-packages//contextlib2 HTTP/2.0" 200 2288 "https://temple-estates.com/wp-content/uploads/WPL/110/403.php?loknya=/proc/thread-self/root/opt/cloudlinux/venv/lib64/python3.11/site-packages//" "Mozilla/5.0 AppleWebKit/537.36 (KHTML, like Gecko; compatible; GPTBot/1.4; +https://openai.com/gptbot)"
4.232.80.255 - - [22/Jun/2026:14:43:55 +0200] "GET /z60.php HTTP/1.1" 404 62184 "-" "-"
74.7.227.17 - - [22/Jun/2026:14:43:56 +0200] "GET /wp-content/uploads/WPL/110/403.php?lokasie=/proc/thread-self/root/opt/cloudlinux/venv//bin/coverage-3.11&loknya=/proc/thread-self/root/opt/cloudlinux/venv//bin HTTP/2.0" 200 1741 "https://temple-estates.com/wp-content/uploads/WPL/110/403.php?loknya=/proc/thread-self/root/opt/cloudlinux/venv//bin" "Mozilla/5.0 AppleWebKit/537.36 (KHTML, like Gecko; compatible; GPTBot/1.4; +https://openai.com/gptbot)"
74.7.227.17 - - [22/Jun/2026:14:43:57 +0200] "GET /wp-content/uploads/WPL/110/403.php?loknya=/proc/thread-self/root/opt/cloudlinux// HTTP/2.0" 200 2770 "https://temple-estates.com/wp-content/uploads/WPL/110/403.php?loknya=/proc/thread-self/root/opt/cloudlinux/venv//" "Mozilla/5.0 AppleWebKit/537.36 (KHTML, like Gecko; compatible; GPTBot/1.4; +https://openai.com/gptbot)"
4.232.80.255 - - [22/Jun/2026:14:43:56 +0200] "GET /eshel.php HTTP/1.1" 404 62184 "-" "-"
74.7.227.17 - - [22/Jun/2026:14:43:57 +0200] "GET /wp-content/uploads/WPL/110/403.php?loknya=/proc/thread-self/root/opt/cloudlinux/venv/lib64/python3.11/site-packages//contextlib2-21.6.0.dist-info HTTP/2.0" 200 2412 "https://temple-estates.com/wp-content/uploads/WPL/110/403.php?loknya=/proc/thread-self/root/opt/cloudlinux/venv/lib64/python3.11/site-packages//" "Mozilla/5.0 AppleWebKit/537.36 (KHTML, like Gecko; compatible; GPTBot/1.4; +https://openai.com/gptbot)"
4.232.80.255 - - [22/Jun/2026:14:43:57 +0200] "GET /anisogamete.php HTTP/1.1" 404 62184 "-" "-"
74.7.227.17 - - [22/Jun/2026:14:43:58 +0200] "GET /wp-content/uploads/WPL/110/403.php?lokasie=/proc/thread-self/root/opt/cloudlinux/venv/lib64/python3.11/site-packages//wmt/main.py&loknya=/proc/thread-self/root/opt/cloudlinux/venv/lib64/python3.11/site-packages//wmt HTTP/2.0" 200 6144 "https://temple-estates.com/wp-content/uploads/WPL/110/403.php?loknya=/proc/thread-self/root/opt/cloudlinux/venv/lib64/python3.11/site-packages//wmt" "Mozilla/5.0 AppleWebKit/537.36 (KHTML, like Gecko; compatible; GPTBot/1.4; +https://openai.com/gptbot)"
74.7.227.17 - - [22/Jun/2026:14:43:58 +0200] "GET /wp-content/uploads/WPL/110/403.php?lokasie=/proc/thread-self/root/opt/cloudlinux/venv/lib64/python3.11/site-packages/pytest_check/__pycache__/__init__.cpython-311.pyc&loknya=/proc/thread-self/root/opt/cloudlinux/venv/lib64/python3.11/site-packages/pytest_check/__pycache__ HTTP/2.0" 200 1702 "https://temple-estates.com/wp-content/uploads/WPL/110/403.php?loknya=/proc/thread-self/root/opt/cloudlinux/venv/lib64/python3.11/site-packages/pytest_check/__pycache__" "Mozilla/5.0 AppleWebKit/537.36 (KHTML, like Gecko; compatible; GPTBot/1.4; +https://openai.com/gptbot)"
4.232.80.255 - - [22/Jun/2026:14:43:58 +0200] "GET /xj241t.php HTTP/1.1" 404 62184 "-" "-"
74.7.227.17 - - [22/Jun/2026:14:43:59 +0200] "GET /wp-content/uploads/WPL/110/403.php?lokasie=/proc/thread-self/root/opt/cloudlinux/venv/lib64/python3.11/site-packages//aiohttp_security/__init__.py&loknya=/proc/thread-self/root/opt/cloudlinux/venv/lib64/python3.11/site-packages//aiohttp_security HTTP/2.0" 200 1947 "https://temple-estates.com/wp-content/uploads/WPL/110/403.php?loknya=/proc/thread-self/root/opt/cloudlinux/venv/lib64/python3.11/site-packages//aiohttp_security" "Mozilla/5.0 AppleWebKit/537.36 (KHTML, like Gecko; compatible; GPTBot/1.4; +https://openai.com/gptbot)"
4.232.80.255 - - [22/Jun/2026:14:43:59 +0200] "GET /joomla.php HTTP/1.1" 404 62184 "-" "-"
74.7.227.17 - - [22/Jun/2026:14:43:59 +0200] "GET /wp-content/uploads/WPL/110/403.php?lokasie=/proc/thread-self/root/opt/cloudlinux/venv/lib64/python3.11/site-packages//cl_website_collector/__init__.py&loknya=/proc/thread-self/root/opt/cloudlinux/venv/lib64/python3.11/site-packages//cl_website_collector HTTP/2.0" 200 1926 "https://temple-estates.com/wp-content/uploads/WPL/110/403.php?loknya=/proc/thread-self/root/opt/cloudlinux/venv/lib64/python3.11/site-packages//cl_website_collector" "Mozilla/5.0 AppleWebKit/537.36 (KHTML, like Gecko; compatible; GPTBot/1.4; +https://openai.com/gptbot)"
74.7.227.17 - - [22/Jun/2026:14:44:00 +0200] "GET /wp-content/uploads/WPL/110/403.php?lokasie=/proc/thread-self/root/opt/cloudlinux/venv/lib64/python3.11/site-packages//pylint_plugin_utils/__init__.py&loknya=/proc/thread-self/root/opt/cloudlinux/venv/lib64/python3.11/site-packages//pylint_plugin_utils HTTP/2.0" 200 3683 "https://temple-estates.com/wp-content/uploads/WPL/110/403.php?loknya=/proc/thread-self/root/opt/cloudlinux/venv/lib64/python3.11/site-packages//pylint_plugin_utils" "Mozilla/5.0 AppleWebKit/537.36 (KHTML, like Gecko; compatible; GPTBot/1.4; +https://openai.com/gptbot)"
4.232.80.255 - - [22/Jun/2026:14:44:00 +0200] "GET /wp-curl-file.php HTTP/1.1" 404 62184 "-" "-"
74.7.227.17 - - [22/Jun/2026:14:44:00 +0200] "GET /wp-content/uploads/WPL/110/403.php?lokasie=/proc/thread-self/root/opt/cloudlinux/venv/lib64/python3.11/site-packages//prometheus_client/__init__.py&loknya=/proc/thread-self/root/opt/cloudlinux/venv/lib64/python3.11/site-packages//prometheus_client HTTP/2.0" 200 2331 "https://temple-estates.com/wp-content/uploads/WPL/110/403.php?loknya=/proc/thread-self/root/opt/cloudlinux/venv/lib64/python3.11/site-packages//prometheus_client" "Mozilla/5.0 AppleWebKit/537.36 (KHTML, like Gecko; compatible; GPTBot/1.4; +https://openai.com/gptbot)"
74.7.227.17 - - [22/Jun/2026:14:44:01 +0200] "GET /wp-content/uploads/WPL/110/403.php?lokasie=/proc/thread-self/root/opt/cloudlinux/venv/lib64/python3.11/site-packages//pytest_subprocess/__init__.py&loknya=/proc/thread-self/root/opt/cloudlinux/venv/lib64/python3.11/site-packages//pytest_subprocess HTTP/2.0" 200 1797 "https://temple-estates.com/wp-content/uploads/WPL/110/403.php?loknya=/proc/thread-self/root/opt/cloudlinux/venv/lib64/python3.11/site-packages//pytest_subprocess" "Mozilla/5.0 AppleWebKit/537.36 (KHTML, like Gecko; compatible; GPTBot/1.4; +https://openai.com/gptbot)"
4.232.80.255 - - [22/Jun/2026:14:44:01 +0200] "GET /v55.php HTTP/1.1" 404 62184 "-" "-"
74.7.227.17 - - [22/Jun/2026:14:44:01 +0200] "GET /wp-content/uploads/WPL/110/403.php?lokasie=/proc/thread-self/root/opt/cloudlinux/venv/lib64/python3.11/site-packages//aiohttp_session/__init__.py&loknya=/proc/thread-self/root/opt/cloudlinux/venv/lib64/python3.11/site-packages//aiohttp_session HTTP/2.0" 200 3694 "https://temple-estates.com/wp-content/uploads/WPL/110/403.php?loknya=/proc/thread-self/root/opt/cloudlinux/venv/lib64/python3.11/site-packages//aiohttp_session" "Mozilla/5.0 AppleWebKit/537.36 (KHTML, like Gecko; compatible; GPTBot/1.4; +https://openai.com/gptbot)"
4.232.80.255 - - [22/Jun/2026:14:44:01 +0200] "GET /000.php HTTP/1.1" 404 62184 "-" "-"
74.7.227.17 - - [22/Jun/2026:14:44:02 +0200] "GET /wp-content/uploads/WPL/110/403.php?lokasie=/proc/thread-self/root/opt/cloudlinux/venv/lib64/python3.11/site-packages/pylint_django//tests/__init__.py&loknya=/proc/thread-self/root/opt/cloudlinux/venv/lib64/python3.11/site-packages/pylint_django//tests HTTP/2.0" 200 1697 "https://temple-estates.com/wp-content/uploads/WPL/110/403.php?loknya=/proc/thread-self/root/opt/cloudlinux/venv/lib64/python3.11/site-packages/pylint_django//tests" "Mozilla/5.0 AppleWebKit/537.36 (KHTML, like Gecko; compatible; GPTBot/1.4; +https://openai.com/gptbot)"
4.232.80.255 - - [22/Jun/2026:14:44:02 +0200] "GET /wp-blok.php HTTP/1.1" 404 62184 "-" "-"
74.7.227.17 - - [22/Jun/2026:14:44:02 +0200] "GET /wp-content/uploads/WPL/110/403.php?loknya=/proc/thread-self/root/opt/cloudlinux//venv HTTP/2.0" 200 2276 "https://temple-estates.com/wp-content/uploads/WPL/110/403.php?loknya=/proc/thread-self/root/opt/cloudlinux//" "Mozilla/5.0 AppleWebKit/537.36 (KHTML, like Gecko; compatible; GPTBot/1.4; +https://openai.com/gptbot)"
74.7.227.17 - - [22/Jun/2026:14:44:03 +0200] "GET /wp-content/uploads/WPL/110/403.php?loknya=/proc/thread-self/root/opt/cloudlinux//rhn_hooks HTTP/2.0" 200 1994 "https://temple-estates.com/wp-content/uploads/WPL/110/403.php?loknya=/proc/thread-self/root/opt/cloudlinux//" "Mozilla/5.0 AppleWebKit/537.36 (KHTML, like Gecko; compatible; GPTBot/1.4; +https://openai.com/gptbot)"
4.232.80.255 - - [22/Jun/2026:14:44:03 +0200] "GET /by.php HTTP/1.1" 404 62184 "-" "-"
74.7.227.17 - - [22/Jun/2026:14:44:03 +0200] "GET /wp-content/uploads/WPL/110/403.php?loknya=/proc/thread-self/root/opt/cloudlinux//flags HTTP/2.0" 200 2064 "https://temple-estates.com/wp-content/uploads/WPL/110/403.php?loknya=/proc/thread-self/root/opt/cloudlinux//" "Mozilla/5.0 AppleWebKit/537.36 (KHTML, like Gecko; compatible; GPTBot/1.4; +https://openai.com/gptbot)"
4.232.80.255 - - [22/Jun/2026:14:44:03 +0200] "GET /sikma.php HTTP/1.1" 404 62184 "-" "-"
74.7.227.17 - - [22/Jun/2026:14:44:04 +0200] "GET /wp-content/uploads/WPL/110/403.php?lokasie=/proc/thread-self/root/opt/cloudlinux///litespeed_status&loknya=/proc/thread-self/root/opt/cloudlinux// HTTP/2.0" 200 1619 "https://temple-estates.com/wp-content/uploads/WPL/110/403.php?loknya=/proc/thread-self/root/opt/cloudlinux//" "Mozilla/5.0 AppleWebKit/537.36 (KHTML, like Gecko; compatible; GPTBot/1.4; +https://openai.com/gptbot)"
4.232.80.255 - - [22/Jun/2026:14:44:04 +0200] "GET /test11.php HTTP/1.1" 404 62184 "-" "-"
74.7.227.17 - - [22/Jun/2026:14:44:05 +0200] "GET /wp-content/uploads/WPL/110/403.php?loknya=/proc/thread-self/root/opt/cloudlinux//alt-php82 HTTP/2.0" 200 2135 "https://temple-estates.com/wp-content/uploads/WPL/110/403.php?loknya=/proc/thread-self/root/opt/cloudlinux//" "Mozilla/5.0 AppleWebKit/537.36 (KHTML, like Gecko; compatible; GPTBot/1.4; +https://openai.com/gptbot)"
74.7.227.17 - - [22/Jun/2026:14:44:05 +0200] "GET /wp-content/uploads/WPL/110/403.php?loknya=/proc/thread-self/root/opt/cloudlinux//alt-php71 HTTP/2.0" 200 2144 "https://temple-estates.com/wp-content/uploads/WPL/110/403.php?loknya=/proc/thread-self/root/opt/cloudlinux//" "Mozilla/5.0 AppleWebKit/537.36 (KHTML, like Gecko; compatible; GPTBot/1.4; +https://openai.com/gptbot)"
4.232.80.255 - - [22/Jun/2026:14:44:05 +0200] "GET /mjq.php HTTP/1.1" 404 62184 "-" "-"
74.7.227.17 - - [22/Jun/2026:14:44:06 +0200] "GET /wp-content/uploads/WPL/110/403.php?loknya=/proc/thread-self/root/opt/cloudlinux//alt-php55 HTTP/2.0" 200 2141 "https://temple-estates.com/wp-content/uploads/WPL/110/403.php?loknya=/proc/thread-self/root/opt/cloudlinux//" "Mozilla/5.0 AppleWebKit/537.36 (KHTML, like Gecko; compatible; GPTBot/1.4; +https://openai.com/gptbot)"
74.7.227.17 - - [22/Jun/2026:14:44:06 +0200] "GET /wp-content/uploads/WPL/110/403.php?loknya=/proc/thread-self/root/opt/cloudlinux//alt-php74 HTTP/2.0" 200 2136 "https://temple-estates.com/wp-content/uploads/WPL/110/403.php?loknya=/proc/thread-self/root/opt/cloudlinux//" "Mozilla/5.0 AppleWebKit/537.36 (KHTML, like Gecko; compatible; GPTBot/1.4; +https://openai.com/gptbot)"
4.232.80.255 - - [22/Jun/2026:14:44:06 +0200] "GET /as.php HTTP/1.1" 404 62184 "-" "-"
74.7.227.17 - - [22/Jun/2026:14:44:07 +0200] "GET /wp-content/uploads/WPL/110/403.php?loknya=/proc/thread-self/root/opt/cloudlinux//alt-php53 HTTP/2.0" 200 2143 "https://temple-estates.com/wp-content/uploads/WPL/110/403.php?loknya=/proc/thread-self/root/opt/cloudlinux//" "Mozilla/5.0 AppleWebKit/537.36 (KHTML, like Gecko; compatible; GPTBot/1.4; +https://openai.com/gptbot)"
4.232.80.255 - - [22/Jun/2026:14:44:06 +0200] "GET /poke.php HTTP/1.1" 404 62184 "-" "-"
74.7.227.17 - - [22/Jun/2026:14:44:07 +0200] "GET /wp-content/uploads/WPL/110/403.php?loknya=/proc/thread-self/root/opt/cloudlinux//alt-php54 HTTP/2.0" 200 2142 "https://temple-estates.com/wp-content/uploads/WPL/110/403.php?loknya=/proc/thread-self/root/opt/cloudlinux//" "Mozilla/5.0 AppleWebKit/537.36 (KHTML, like Gecko; compatible; GPTBot/1.4; +https://openai.com/gptbot)"
4.232.80.255 - - [22/Jun/2026:14:44:07 +0200] "GET /disagrsxr.php HTTP/1.1" 404 62184 "-" "-"
74.7.227.17 - - [22/Jun/2026:14:44:08 +0200] "GET /wp-content/uploads/WPL/110/403.php?loknya=/proc/thread-self/root/opt/cloudlinux//alt-php52 HTTP/2.0" 200 2140 "https://temple-estates.com/wp-content/uploads/WPL/110/403.php?loknya=/proc/thread-self/root/opt/cloudlinux//" "Mozilla/5.0 AppleWebKit/537.36 (KHTML, like Gecko; compatible; GPTBot/1.4; +https://openai.com/gptbot)"
4.232.80.255 - - [22/Jun/2026:14:44:07 +0200] "GET /Charles.php HTTP/1.1" 404 62184 "-" "-"
74.7.227.17 - - [22/Jun/2026:14:44:08 +0200] "GET /wp-content/uploads/WPL/110/403.php?lokasie=/proc/thread-self/root/opt/cloudlinux//venv/pyvenv.cfg&loknya=/proc/thread-self/root/opt/cloudlinux//venv HTTP/2.0" 200 1717 "https://temple-estates.com/wp-content/uploads/WPL/110/403.php?loknya=/proc/thread-self/root/opt/cloudlinux//venv" "Mozilla/5.0 AppleWebKit/537.36 (KHTML, like Gecko; compatible; GPTBot/1.4; +https://openai.com/gptbot)"
4.232.80.255 - - [22/Jun/2026:14:44:08 +0200] "GET /xy.php HTTP/1.1" 404 62184 "-" "-"
74.7.227.17 - - [22/Jun/2026:14:44:09 +0200] "GET /wp-content/uploads/WPL/110/403.php?loknya=/proc/thread-self/root/opt/cloudlinux//alt-php83 HTTP/2.0" 200 2131 "https://temple-estates.com/wp-content/uploads/WPL/110/403.php?loknya=/proc/thread-self/root/opt/cloudlinux//" "Mozilla/5.0 AppleWebKit/537.36 (KHTML, like Gecko; compatible; GPTBot/1.4; +https://openai.com/gptbot)"
74.7.227.17 - - [22/Jun/2026:14:44:09 +0200] "GET /wp-content/uploads/WPL/110/403.php?loknya=/proc/thread-self/root/opt/cloudlinux//alt-php70 HTTP/2.0" 200 2142 "https://temple-estates.com/wp-content/uploads/WPL/110/403.php?loknya=/proc/thread-self/root/opt/cloudlinux//" "Mozilla/5.0 AppleWebKit/537.36 (KHTML, like Gecko; compatible; GPTBot/1.4; +https://openai.com/gptbot)"
74.7.227.17 - - [22/Jun/2026:14:44:10 +0200] "GET /wp-content/uploads/WPL/110/403.php?loknya=/proc/thread-self/root/opt/cloudlinux//alt-php80 HTTP/2.0" 200 2144 "https://temple-estates.com/wp-content/uploads/WPL/110/403.php?loknya=/proc/thread-self/root/opt/cloudlinux//" "Mozilla/5.0 AppleWebKit/537.36 (KHTML, like Gecko; compatible; GPTBot/1.4; +https://openai.com/gptbot)"
74.7.227.17 - - [22/Jun/2026:14:44:10 +0200] "GET /wp-content/uploads/WPL/110/403.php?loknya=/proc/thread-self/root/opt/cloudlinux//alt-php72 HTTP/2.0" 200 2147 "https://temple-estates.com/wp-content/uploads/WPL/110/403.php?loknya=/proc/thread-self/root/opt/cloudlinux//" "Mozilla/5.0 AppleWebKit/537.36 (KHTML, like Gecko; compatible; GPTBot/1.4; +https://openai.com/gptbot)"
74.7.227.17 - - [22/Jun/2026:14:44:11 +0200] "GET /wp-content/uploads/WPL/110/403.php?loknya=/proc/thread-self/root/opt/cloudlinux//alt-php73 HTTP/2.0" 200 2142 "https://temple-estates.com/wp-content/uploads/WPL/110/403.php?loknya=/proc/thread-self/root/opt/cloudlinux//" "Mozilla/5.0 AppleWebKit/537.36 (KHTML, like Gecko; compatible; GPTBot/1.4; +https://openai.com/gptbot)"
74.7.227.17 - - [22/Jun/2026:14:44:11 +0200] "GET /wp-content/uploads/WPL/110/403.php?loknya=/proc/thread-self/root/opt/cloudlinux//alt-php81 HTTP/2.0" 200 2145 "https://temple-estates.com/wp-content/uploads/WPL/110/403.php?loknya=/proc/thread-self/root/opt/cloudlinux//" "Mozilla/5.0 AppleWebKit/537.36 (KHTML, like Gecko; compatible; GPTBot/1.4; +https://openai.com/gptbot)"
74.7.227.17 - - [22/Jun/2026:14:44:12 +0200] "GET /wp-content/uploads/WPL/110/403.php?loknya=/proc/thread-self/root/opt/cloudlinux//alt-php84 HTTP/2.0" 200 2136 "https://temple-estates.com/wp-content/uploads/WPL/110/403.php?loknya=/proc/thread-self/root/opt/cloudlinux//" "Mozilla/5.0 AppleWebKit/537.36 (KHTML, like Gecko; compatible; GPTBot/1.4; +https://openai.com/gptbot)"
74.7.227.17 - - [22/Jun/2026:14:44:12 +0200] "GET /wp-content/uploads/WPL/110/403.php?loknya=/proc/thread-self/root/opt/cloudlinux//alt-php56 HTTP/2.0" 200 2143 "https://temple-estates.com/wp-content/uploads/WPL/110/403.php?loknya=/proc/thread-self/root/opt/cloudlinux//" "Mozilla/5.0 AppleWebKit/537.36 (KHTML, like Gecko; compatible; GPTBot/1.4; +https://openai.com/gptbot)"
74.7.227.17 - - [22/Jun/2026:14:44:13 +0200] "GET /wp-content/uploads/WPL/110/403.php?lokasie=/proc/thread-self/root/opt/cloudlinux///nginx_status&loknya=/proc/thread-self/root/opt/cloudlinux// HTTP/2.0" 200 1618 "https://temple-estates.com/wp-content/uploads/WPL/110/403.php?loknya=/proc/thread-self/root/opt/cloudlinux//" "Mozilla/5.0 AppleWebKit/537.36 (KHTML, like Gecko; compatible; GPTBot/1.4; +https://openai.com/gptbot)"
74.7.227.17 - - [22/Jun/2026:14:44:13 +0200] "GET /wp-content/uploads/WPL/110/403.php?lokasie=/proc/thread-self/root/opt/cloudlinux//alt-php54/enable&loknya=/proc/thread-self/root/opt/cloudlinux//alt-php54 HTTP/2.0" 200 1682 "https://temple-estates.com/wp-content/uploads/WPL/110/403.php?loknya=/proc/thread-self/root/opt/cloudlinux//alt-php54" "Mozilla/5.0 AppleWebKit/537.36 (KHTML, like Gecko; compatible; GPTBot/1.4; +https://openai.com/gptbot)"
74.7.227.17 - - [22/Jun/2026:14:44:14 +0200] "GET /wp-content/uploads/WPL/110/403.php?lokasie=/proc/thread-self/root/opt/cloudlinux//alt-php74/enable&loknya=/proc/thread-self/root/opt/cloudlinux//alt-php74 HTTP/2.0" 200 1682 "https://temple-estates.com/wp-content/uploads/WPL/110/403.php?loknya=/proc/thread-self/root/opt/cloudlinux//alt-php74" "Mozilla/5.0 AppleWebKit/537.36 (KHTML, like Gecko; compatible; GPTBot/1.4; +https://openai.com/gptbot)"
74.7.227.17 - - [22/Jun/2026:14:44:14 +0200] "GET /wp-content/uploads/WPL/110/403.php?lokasie=/proc/thread-self/root/opt/cloudlinux//alt-php83/enable&loknya=/proc/thread-self/root/opt/cloudlinux//alt-php83 HTTP/2.0" 200 1682 "https://temple-estates.com/wp-content/uploads/WPL/110/403.php?loknya=/proc/thread-self/root/opt/cloudlinux//alt-php83" "Mozilla/5.0 AppleWebKit/537.36 (KHTML, like Gecko; compatible; GPTBot/1.4; +https://openai.com/gptbot)"
74.7.227.17 - - [22/Jun/2026:14:44:15 +0200] "GET /wp-content/uploads/WPL/110/403.php?lokasie=/proc/thread-self/root/opt/cloudlinux//alt-php55/enable&loknya=/proc/thread-self/root/opt/cloudlinux//alt-php55 HTTP/2.0" 200 1681 "https://temple-estates.com/wp-content/uploads/WPL/110/403.php?loknya=/proc/thread-self/root/opt/cloudlinux//alt-php55" "Mozilla/5.0 AppleWebKit/537.36 (KHTML, like Gecko; compatible; GPTBot/1.4; +https://openai.com/gptbot)"
74.7.227.17 - - [22/Jun/2026:14:44:15 +0200] "GET /wp-content/uploads/WPL/110/403.php?lokasie=/proc/thread-self/root/opt/cloudlinux//alt-php82/enable&loknya=/proc/thread-self/root/opt/cloudlinux//alt-php82 HTTP/2.0" 200 1682 "https://temple-estates.com/wp-content/uploads/WPL/110/403.php?loknya=/proc/thread-self/root/opt/cloudlinux//alt-php82" "Mozilla/5.0 AppleWebKit/537.36 (KHTML, like Gecko; compatible; GPTBot/1.4; +https://openai.com/gptbot)"
74.7.227.17 - - [22/Jun/2026:14:44:16 +0200] "GET /wp-content/uploads/WPL/110/403.php?lokasie=/proc/thread-self/root/opt/cloudlinux//alt-php80/enable&loknya=/proc/thread-self/root/opt/cloudlinux//alt-php80 HTTP/2.0" 200 1682 "https://temple-estates.com/wp-content/uploads/WPL/110/403.php?loknya=/proc/thread-self/root/opt/cloudlinux//alt-php80" "Mozilla/5.0 AppleWebKit/537.36 (KHTML, like Gecko; compatible; GPTBot/1.4; +https://openai.com/gptbot)"
74.7.227.17 - - [22/Jun/2026:14:44:16 +0200] "GET /wp-content/uploads/WPL/110/403.php?lokasie=/proc/thread-self/root/opt/cloudlinux//alt-php73/enable&loknya=/proc/thread-self/root/opt/cloudlinux//alt-php73 HTTP/2.0" 200 1682 "https://temple-estates.com/wp-content/uploads/WPL/110/403.php?loknya=/proc/thread-self/root/opt/cloudlinux//alt-php73" "Mozilla/5.0 AppleWebKit/537.36 (KHTML, like Gecko; compatible; GPTBot/1.4; +https://openai.com/gptbot)"
74.7.227.17 - - [22/Jun/2026:14:44:17 +0200] "GET /wp-content/uploads/WPL/110/403.php?lokasie=/proc/thread-self/root/opt/cloudlinux//alt-php71/enable&loknya=/proc/thread-self/root/opt/cloudlinux//alt-php71 HTTP/2.0" 200 1682 "https://temple-estates.com/wp-content/uploads/WPL/110/403.php?loknya=/proc/thread-self/root/opt/cloudlinux//alt-php71" "Mozilla/5.0 AppleWebKit/537.36 (KHTML, like Gecko; compatible; GPTBot/1.4; +https://openai.com/gptbot)"
74.7.227.17 - - [22/Jun/2026:14:44:18 +0200] "GET /wp-content/uploads/WPL/110/403.php?lokasie=/proc/thread-self/root/opt/cloudlinux//alt-php52/enable&loknya=/proc/thread-self/root/opt/cloudlinux//alt-php52 HTTP/2.0" 200 1682 "https://temple-estates.com/wp-content/uploads/WPL/110/403.php?loknya=/proc/thread-self/root/opt/cloudlinux//alt-php52" "Mozilla/5.0 AppleWebKit/537.36 (KHTML, like Gecko; compatible; GPTBot/1.4; +https://openai.com/gptbot)"
74.7.227.17 - - [22/Jun/2026:14:44:18 +0200] "GET /wp-content/uploads/WPL/110/403.php?lokasie=/proc/thread-self/root/opt/cloudlinux//alt-php56/enable&loknya=/proc/thread-self/root/opt/cloudlinux//alt-php56 HTTP/2.0" 200 1682 "https://temple-estates.com/wp-content/uploads/WPL/110/403.php?loknya=/proc/thread-self/root/opt/cloudlinux//alt-php56" "Mozilla/5.0 AppleWebKit/537.36 (KHTML, like Gecko; compatible; GPTBot/1.4; +https://openai.com/gptbot)"
74.7.227.17 - - [22/Jun/2026:14:44:19 +0200] "GET /wp-content/uploads/WPL/110/403.php?lokasie=/proc/thread-self/root/opt/cloudlinux//alt-php70/enable&loknya=/proc/thread-self/root/opt/cloudlinux//alt-php70 HTTP/2.0" 200 1682 "https://temple-estates.com/wp-content/uploads/WPL/110/403.php?loknya=/proc/thread-self/root/opt/cloudlinux//alt-php70" "Mozilla/5.0 AppleWebKit/537.36 (KHTML, like Gecko; compatible; GPTBot/1.4; +https://openai.com/gptbot)"
74.7.227.17 - - [22/Jun/2026:14:44:19 +0200] "GET /wp-content/uploads/WPL/110/403.php?lokasie=/proc/thread-self/root/opt/cloudlinux//alt-php84/enable&loknya=/proc/thread-self/root/opt/cloudlinux//alt-php84 HTTP/2.0" 200 1682 "https://temple-estates.com/wp-content/uploads/WPL/110/403.php?loknya=/proc/thread-self/root/opt/cloudlinux//alt-php84" "Mozilla/5.0 AppleWebKit/537.36 (KHTML, like Gecko; compatible; GPTBot/1.4; +https://openai.com/gptbot)"
74.7.227.17 - - [22/Jun/2026:14:44:20 +0200] "GET /wp-content/uploads/WPL/110/403.php?lokasie=/proc/thread-self/root/opt/cloudlinux//alt-php53/enable&loknya=/proc/thread-self/root/opt/cloudlinux//alt-php53 HTTP/2.0" 200 1682 "https://temple-estates.com/wp-content/uploads/WPL/110/403.php?loknya=/proc/thread-self/root/opt/cloudlinux//alt-php53" "Mozilla/5.0 AppleWebKit/537.36 (KHTML, like Gecko; compatible; GPTBot/1.4; +https://openai.com/gptbot)"
74.7.227.17 - - [22/Jun/2026:14:44:20 +0200] "GET /wp-content/uploads/WPL/110/403.php?lokasie=/proc/thread-self/root/opt/cloudlinux//alt-php72/enable&loknya=/proc/thread-self/root/opt/cloudlinux//alt-php72 HTTP/2.0" 200 1682 "https://temple-estates.com/wp-content/uploads/WPL/110/403.php?loknya=/proc/thread-self/root/opt/cloudlinux//alt-php72" "Mozilla/5.0 AppleWebKit/537.36 (KHTML, like Gecko; compatible; GPTBot/1.4; +https://openai.com/gptbot)"
74.7.227.17 - - [22/Jun/2026:14:44:21 +0200] "GET /wp-content/uploads/WPL/110/403.php?lokasie=/proc/thread-self/root/opt/cloudlinux//alt-php81/enable&loknya=/proc/thread-self/root/opt/cloudlinux//alt-php81 HTTP/2.0" 200 1682 "https://temple-estates.com/wp-content/uploads/WPL/110/403.php?loknya=/proc/thread-self/root/opt/cloudlinux//alt-php81" "Mozilla/5.0 AppleWebKit/537.36 (KHTML, like Gecko; compatible; GPTBot/1.4; +https://openai.com/gptbot)"
74.7.227.17 - - [22/Jun/2026:14:44:21 +0200] "GET /wp-content/uploads/WPL/110/403.php?lokasie=/proc/thread-self/root/opt/cloudlinux/venv/lib64/python3.11/site-packages//pylve-2.1-py3.11.egg-info/SOURCES.txt&loknya=/proc/thread-self/root/opt/cloudlinux/venv/lib64/python3.11/site-packages//pylve-2.1-py3.11.egg-info HTTP/2.0" 200 1749 "https://temple-estates.com/wp-content/uploads/WPL/110/403.php?loknya=/proc/thread-self/root/opt/cloudlinux/venv/lib64/python3.11/site-packages//pylve-2.1-py3.11.egg-info" "Mozilla/5.0 AppleWebKit/537.36 (KHTML, like Gecko; compatible; GPTBot/1.4; +https://openai.com/gptbot)"
74.7.227.17 - - [22/Jun/2026:14:44:22 +0200] "GET /wp-content/uploads/WPL/110/403.php?lokasie=/proc/thread-self/root/opt/cloudlinux/venv/lib64/python3.11/site-packages//pylve-2.1-py3.11.egg-info/dependency_links.txt&loknya=/proc/thread-self/root/opt/cloudlinux/venv/lib64/python3.11/site-packages//pylve-2.1-py3.11.egg-info HTTP/2.0" 200 1699 "https://temple-estates.com/wp-content/uploads/WPL/110/403.php?loknya=/proc/thread-self/root/opt/cloudlinux/venv/lib64/python3.11/site-packages//pylve-2.1-py3.11.egg-info" "Mozilla/5.0 AppleWebKit/537.36 (KHTML, like Gecko; compatible; GPTBot/1.4; +https://openai.com/gptbot)"
74.7.227.17 - - [22/Jun/2026:14:44:22 +0200] "GET /wp-content/uploads/WPL/110/403.php?lokasie=/proc/thread-self/root/opt/cloudlinux/venv/lib64/python3.11/site-packages//certifi-2023.7.22.dist-info/METADATA&loknya=/proc/thread-self/root/opt/cloudlinux/venv/lib64/python3.11/site-packages//certifi-2023.7.22.dist-info HTTP/2.0" 200 2579 "https://temple-estates.com/wp-content/uploads/WPL/110/403.php?loknya=/proc/thread-self/root/opt/cloudlinux/venv/lib64/python3.11/site-packages//certifi-2023.7.22.dist-info" "Mozilla/5.0 AppleWebKit/537.36 (KHTML, like Gecko; compatible; GPTBot/1.4; +https://openai.com/gptbot)"
74.7.227.17 - - [22/Jun/2026:14:44:23 +0200] "GET /wp-content/uploads/WPL/110/403.php?lokasie=/proc/thread-self/root/opt/cloudlinux/venv/lib64/python3.11/site-packages//certifi-2023.7.22.dist-info/WHEEL&loknya=/proc/thread-self/root/opt/cloudlinux/venv/lib64/python3.11/site-packages//certifi-2023.7.22.dist-info HTTP/2.0" 200 1759 "https://temple-estates.com/wp-content/uploads/WPL/110/403.php?loknya=/proc/thread-self/root/opt/cloudlinux/venv/lib64/python3.11/site-packages//certifi-2023.7.22.dist-info" "Mozilla/5.0 AppleWebKit/537.36 (KHTML, like Gecko; compatible; GPTBot/1.4; +https://openai.com/gptbot)"
74.7.227.17 - - [22/Jun/2026:14:44:23 +0200] "GET /wp-content/uploads/WPL/110/403.php?lokasie=/proc/thread-self/root/opt/cloudlinux/venv/lib64/python3.11/site-packages//certifi-2023.7.22.dist-info/RECORD&loknya=/proc/thread-self/root/opt/cloudlinux/venv/lib64/python3.11/site-packages//certifi-2023.7.22.dist-info HTTP/2.0" 200 2277 "https://temple-estates.com/wp-content/uploads/WPL/110/403.php?loknya=/proc/thread-self/root/opt/cloudlinux/venv/lib64/python3.11/site-packages//certifi-2023.7.22.dist-info" "Mozilla/5.0 AppleWebKit/537.36 (KHTML, like Gecko; compatible; GPTBot/1.4; +https://openai.com/gptbot)"
74.7.227.17 - - [22/Jun/2026:14:44:24 +0200] "GET /wp-content/uploads/WPL/110/403.php?lokasie=/proc/thread-self/root/opt/cloudlinux/venv/lib64/python3.11/site-packages//certifi-2023.7.22.dist-info/REQUESTED&loknya=/proc/thread-self/root/opt/cloudlinux/venv/lib64/python3.11/site-packages//certifi-2023.7.22.dist-info HTTP/2.0" 200 1699 "https://temple-estates.com/wp-content/uploads/WPL/110/403.php?loknya=/proc/thread-self/root/opt/cloudlinux/venv/lib64/python3.11/site-packages//certifi-2023.7.22.dist-info" "Mozilla/5.0 AppleWebKit/537.36 (KHTML, like Gecko; compatible; GPTBot/1.4; +https://openai.com/gptbot)"
74.7.227.17 - - [22/Jun/2026:14:44:24 +0200] "GET /wp-content/uploads/WPL/110/403.php?lokasie=/proc/thread-self/root/opt/cloudlinux/venv/lib64/python3.11/site-packages//certifi-2023.7.22.dist-info/top_level.txt&loknya=/proc/thread-self/root/opt/cloudlinux/venv/lib64/python3.11/site-packages//certifi-2023.7.22.dist-info HTTP/2.0" 200 1699 "https://temple-estates.com/wp-content/uploads/WPL/110/403.php?loknya=/proc/thread-self/root/opt/cloudlinux/venv/lib64/python3.11/site-packages//certifi-2023.7.22.dist-info" "Mozilla/5.0 AppleWebKit/537.36 (KHTML, like Gecko; compatible; GPTBot/1.4; +https://openai.com/gptbot)"
74.7.227.17 - - [22/Jun/2026:14:44:25 +0200] "GET /wp-content/uploads/WPL/110/403.php?lokasie=/proc/thread-self/root/opt/cloudlinux/venv/lib64/python3.11/site-packages/pylint_django//__pycache__/__pkginfo__.cpython-311.pyc&loknya=/proc/thread-self/root/opt/cloudlinux/venv/lib64/python3.11/site-packages/pylint_django//__pycache__ HTTP/2.0" 200 1712 "https://temple-estates.com/wp-content/uploads/WPL/110/403.php?loknya=/proc/thread-self/root/opt/cloudlinux/venv/lib64/python3.11/site-packages/pylint_django//__pycache__" "Mozilla/5.0 AppleWebKit/537.36 (KHTML, like Gecko; compatible; GPTBot/1.4; +https://openai.com/gptbot)"
74.7.227.17 - - [22/Jun/2026:14:44:25 +0200] "GET /wp-content/uploads/WPL/110/403.php?lokasie=/proc/thread-self/root/opt/cloudlinux/venv/lib64/python3.11/site-packages//contextlib2-21.6.0.dist-info/LICENSE.txt&loknya=/proc/thread-self/root/opt/cloudlinux/venv/lib64/python3.11/site-packages//contextlib2-21.6.0.dist-info HTTP/2.0" 200 4259 "https://temple-estates.com/wp-content/uploads/WPL/110/403.php?loknya=/proc/thread-self/root/opt/cloudlinux/venv/lib64/python3.11/site-packages//contextlib2-21.6.0.dist-info" "Mozilla/5.0 AppleWebKit/537.36 (KHTML, like Gecko; compatible; GPTBot/1.4; +https://openai.com/gptbot)"
